Last updated on 2025-10-23 11:50:21 CEST.
Flavor | Version | Tinstall | Tcheck | Ttotal | Status | Flags |
---|---|---|---|---|---|---|
r-devel-linux-x86_64-debian-clang | 1.0.0 | 15.41 | 127.09 | 142.50 | OK | |
r-devel-linux-x86_64-debian-gcc | 1.0.0 | 10.93 | 95.94 | 106.87 | OK | |
r-devel-linux-x86_64-fedora-clang | 1.0.0 | 30.00 | 182.95 | 212.95 | NOTE | |
r-devel-linux-x86_64-fedora-gcc | 1.0.0 | 28.00 | 190.52 | 218.52 | NOTE | |
r-devel-windows-x86_64 | 1.0.0 | 27.00 | 115.00 | 142.00 | OK | |
r-patched-linux-x86_64 | 1.0.0 | 14.15 | 116.44 | 130.59 | OK | |
r-release-linux-x86_64 | 1.0.0 | 15.54 | 117.65 | 133.19 | OK | |
r-release-macos-arm64 | 1.0.0 | 7.00 | 57.00 | 64.00 | OK | |
r-release-macos-x86_64 | 1.0.0 | 11.00 | 106.00 | 117.00 | OK | |
r-release-windows-x86_64 | 1.0.0 | 15.00 | 115.00 | 130.00 | OK | |
r-oldrel-macos-arm64 | 1.0.0 | 6.00 | 53.00 | 59.00 | NOTE | |
r-oldrel-macos-x86_64 | 1.0.0 | 11.00 | 85.00 | 96.00 | NOTE | |
r-oldrel-windows-x86_64 | 1.0.0 | 20.00 | 141.00 | 161.00 | NOTE |
Version: 1.0.0
Check: dependencies in R code
Result: NOTE
Namespaces in Imports field not imported from:
‘knitr’ ‘tibble’
All declared Imports should be used.
Flavors: r-devel-linux-x86_64-fedora-clang, r-devel-linux-x86_64-fedora-gcc
Version: 1.0.0
Check: LazyData
Result: NOTE
'LazyData' is specified without a 'data' directory
Flavors: r-oldrel-macos-arm64, r-oldrel-macos-x86_64, r-oldrel-windows-x86_64
These binaries (installable software) and packages are in development.
They may not be fully stable and should be used with caution. We make no claims about them.