CRAN Package Check Results for Package oaColors

Last updated on 2025-07-26 03:49:56 CEST.

Flavor Version Tinstall Tcheck Ttotal Status Flags
r-devel-linux-x86_64-debian-clang 0.0.4 1.76 20.67 22.43 NOTE
r-devel-linux-x86_64-debian-gcc 0.0.4 1.52 17.56 19.08 NOTE
r-devel-linux-x86_64-fedora-clang 0.0.4 33.06 OK
r-devel-linux-x86_64-fedora-gcc 0.0.4 33.38 OK
r-devel-windows-x86_64 0.0.4 4.00 48.00 52.00 OK
r-patched-linux-x86_64 0.0.4 1.80 19.43 21.23 OK
r-release-linux-x86_64 0.0.4 1.75 19.43 21.18 OK
r-release-macos-arm64 0.0.4 17.00 OK
r-release-macos-x86_64 0.0.4 27.00 OK
r-release-windows-x86_64 0.0.4 3.00 54.00 57.00 OK
r-oldrel-macos-arm64 0.0.4 16.00 OK
r-oldrel-macos-x86_64 0.0.4 22.00 OK
r-oldrel-windows-x86_64 0.0.4 2.00 47.00 49.00 OK

Check Details

Version: 0.0.4
Check: CRAN incoming feasibility
Result: NOTE Maintainer: ‘Jason Waddell <jason.waddell@openanalytics.eu>’ No Authors@R field in DESCRIPTION. Please add one, modifying Authors@R: person(given = "Jason", family = "Waddell", role = c("aut", "cre"), email = "jason.waddell@openanalytics.eu") as necessary. Flavors: r-devel-linux-x86_64-debian-clang, r-devel-linux-x86_64-debian-gcc

These binaries (installable software) and packages are in development.
They may not be fully stable and should be used with caution. We make no claims about them.