CRAN Package Check Results for Package oaPlots

Last updated on 2025-07-01 11:49:25 CEST.

Flavor Version Tinstall Tcheck Ttotal Status Flags
r-devel-linux-x86_64-debian-clang 0.0.25 6.24 57.78 64.02 NOTE
r-devel-linux-x86_64-debian-gcc 0.0.25 4.63 41.84 46.47 NOTE
r-devel-linux-x86_64-fedora-clang 0.0.25 98.39 OK
r-devel-linux-x86_64-fedora-gcc 0.0.25 93.32 OK
r-devel-windows-x86_64 0.0.25 7.00 75.00 82.00 OK
r-patched-linux-x86_64 OK
r-release-linux-x86_64 0.0.25 5.72 53.50 59.22 OK
r-release-macos-arm64 0.0.25 30.00 OK
r-release-macos-x86_64 0.0.25 51.00 OK
r-release-windows-x86_64 0.0.25 8.00 76.00 84.00 OK
r-oldrel-macos-arm64 0.0.25 31.00 OK
r-oldrel-macos-x86_64 0.0.25 42.00 OK
r-oldrel-windows-x86_64 0.0.25 10.00 87.00 97.00 OK

Check Details

Version: 0.0.25
Check: CRAN incoming feasibility
Result: NOTE Maintainer: ‘Jason Waddell <jason.waddell@openanalytics.eu>’ No Authors@R field in DESCRIPTION. Please add one, modifying Authors@R: c(person(given = "Jason", family = "Waddell", role = c("aut", "cre"), email = "jason.waddell@openanalytics.eu"), person(given = "Willem", family = "Ligtenberg", role = "aut")) as necessary. Flavors: r-devel-linux-x86_64-debian-clang, r-devel-linux-x86_64-debian-gcc

These binaries (installable software) and packages are in development.
They may not be fully stable and should be used with caution. We make no claims about them.