Last updated on 2025-10-23 15:50:03 CEST.
Flavor | Version | Tinstall | Tcheck | Ttotal | Status | Flags |
---|---|---|---|---|---|---|
r-devel-linux-x86_64-debian-clang | 0.5.0 | 3.20 | 34.03 | 37.23 | NOTE | |
r-devel-linux-x86_64-debian-gcc | 0.5.0 | 2.06 | 26.55 | 28.61 | OK | |
r-devel-linux-x86_64-fedora-clang | 0.5.0 | 51.76 | OK | |||
r-devel-linux-x86_64-fedora-gcc | 0.5.0 | 50.11 | OK | |||
r-devel-windows-x86_64 | 0.5.0 | 6.00 | 64.00 | 70.00 | OK | |
r-patched-linux-x86_64 | 0.5.0 | 4.67 | 31.84 | 36.51 | OK | |
r-release-linux-x86_64 | 0.5.0 | 3.16 | 32.36 | 35.52 | OK | |
r-release-macos-arm64 | 0.5.0 | 2.00 | 19.00 | 21.00 | OK | |
r-release-macos-x86_64 | 0.5.0 | 3.00 | 34.00 | 37.00 | OK | |
r-release-windows-x86_64 | 0.5.0 | 6.00 | 65.00 | 71.00 | OK | |
r-oldrel-macos-arm64 | 0.5.0 | 2.00 | 18.00 | 20.00 | OK | |
r-oldrel-macos-x86_64 | 0.5.0 | 3.00 | 27.00 | 30.00 | OK | |
r-oldrel-windows-x86_64 | 0.5.0 | 6.00 | 71.00 | 77.00 | OK |
Version: 0.5.0
Check: HTML version of manual
Result: NOTE
Found the following HTML validation problems:
print.oaii_content_audio.html:53:1 (print.oaii_content_audio.Rd:12): Warning: missing </ul> before </div>
print.oaii_content_audio_aac.html:53:1 (print.oaii_content_audio_aac.Rd:12): Warning: missing </ul> before </div>
print.oaii_content_audio_flac.html:53:1 (print.oaii_content_audio_flac.Rd:12): Warning: missing </ul> before </div>
print.oaii_content_audio_mp3.html:53:1 (print.oaii_content_audio_mp3.Rd:12): Warning: missing </ul> before </div>
print.oaii_content_audio_opus.html:53:1 (print.oaii_content_audio_opus.Rd:12): Warning: missing </ul> before </div>
print.oaii_content_images.html:53:1 (print.oaii_content_images.Rd:12): Warning: missing </ul> before </div>
print.oaii_files_df.html:53:1 (print.oaii_files_df.Rd:12): Warning: missing </ul> before </div>
print.oaii_fine_tuning_events_df.html:53:1 (print.oaii_fine_tuning_events_df.Rd:12): Warning: missing </ul> before </div>
print.oaii_fine_tuning_job.html:53:1 (print.oaii_fine_tuning_job.Rd:12): Warning: missing </ul> before </div>
print.oaii_fine_tuning_jobs_df.html:53:1 (print.oaii_fine_tuning_jobs_df.Rd:12): Warning: missing </ul> before </div>
print.oaii_models_df.html:53:1 (print.oaii_models_df.Rd:12): Warning: missing </ul> before </div>
print.oaii_res_se.html:53:1 (print.oaii_res_se.Rd:12): Warning: missing </ul> before </div>
Flavor: r-devel-linux-x86_64-debian-clang
These binaries (installable software) and packages are in development.
They may not be fully stable and should be used with caution. We make no claims about them.