CRAN Package Check Results for Package obAnalytics

Last updated on 2025-05-08 04:52:12 CEST.

Flavor Version Tinstall Tcheck Ttotal Status Flags
r-devel-linux-x86_64-debian-clang 0.1.1 7.98 103.71 111.69 NOTE
r-devel-linux-x86_64-debian-gcc 0.1.1 6.30 72.63 78.93 NOTE
r-devel-linux-x86_64-fedora-clang 0.1.1 159.12 OK
r-devel-linux-x86_64-fedora-gcc 0.1.1 188.45 OK
r-devel-windows-x86_64 0.1.1 11.00 126.00 137.00 OK
r-patched-linux-x86_64 0.1.1 8.29 96.44 104.73 OK
r-release-linux-x86_64 0.1.1 7.45 96.92 104.37 OK
r-release-macos-arm64 0.1.1 50.00 OK
r-release-macos-x86_64 0.1.1 92.00 OK
r-release-windows-x86_64 0.1.1 12.00 142.00 154.00 OK
r-oldrel-macos-arm64 0.1.1 49.00 OK
r-oldrel-macos-x86_64 0.1.1 76.00 OK
r-oldrel-windows-x86_64 0.1.1 12.00 161.00 173.00 OK

Check Details

Version: 0.1.1
Check: CRAN incoming feasibility
Result: NOTE Maintainer: ‘Philip Stubbings <phil@parasec.net>’ No Authors@R field in DESCRIPTION. Please add one, modifying Authors@R: person(given = "Philip", family = "Stubbings", role = c("aut", "cre"), email = "phil@parasec.net") as necessary. Flavors: r-devel-linux-x86_64-debian-clang, r-devel-linux-x86_64-debian-gcc

These binaries (installable software) and packages are in development.
They may not be fully stable and should be used with caution. We make no claims about them.