CRAN Package Check Results for Package obfuscatoR

Last updated on 2025-10-23 15:50:03 CEST.

Flavor Version Tinstall Tcheck Ttotal Status Flags
r-devel-linux-x86_64-debian-clang 0.2.2 2.49 34.49 36.98 NOTE
r-devel-linux-x86_64-debian-gcc 0.2.2 1.73 27.41 29.14 OK
r-devel-linux-x86_64-fedora-clang 0.2.2 17.00 41.27 58.27 OK
r-devel-linux-x86_64-fedora-gcc 0.2.2 67.50 OK
r-devel-windows-x86_64 0.2.2 4.00 52.00 56.00 OK
r-patched-linux-x86_64 0.2.2 2.63 33.34 35.97 OK
r-release-linux-x86_64 0.2.2 2.30 33.33 35.63 OK
r-release-macos-arm64 0.2.2 2.00 26.00 28.00 OK
r-release-macos-x86_64 0.2.2 5.00 72.00 77.00 OK
r-release-windows-x86_64 0.2.2 6.00 55.00 61.00 OK
r-oldrel-macos-arm64 0.2.2 2.00 27.00 29.00 OK
r-oldrel-macos-x86_64 0.2.2 3.00 56.00 59.00 OK
r-oldrel-windows-x86_64 0.2.2 5.00 62.00 67.00 OK

Check Details

Version: 0.2.2
Check: HTML version of manual
Result: NOTE Found the following HTML validation problems: print_payout.html:55:1 (print_payout.Rd:14): Warning: missing </ul> before </div> Flavor: r-devel-linux-x86_64-debian-clang

These binaries (installable software) and packages are in development.
They may not be fully stable and should be used with caution. We make no claims about them.