CRAN Package Check Results for Package objectSignals

Last updated on 2025-05-01 17:56:10 CEST.

Flavor Version Tinstall Tcheck Ttotal Status Flags
r-devel-linux-x86_64-debian-clang 0.10.3 2.23 19.39 21.62 NOTE
r-devel-linux-x86_64-debian-gcc 0.10.3 1.92 16.02 17.94 NOTE
r-devel-linux-x86_64-fedora-clang 0.10.3 33.68 OK
r-devel-linux-x86_64-fedora-gcc 0.10.3 33.35 OK
r-devel-windows-x86_64 0.10.3 3.00 40.00 43.00 OK
r-patched-linux-x86_64 0.10.3 2.23 18.69 20.92 OK
r-release-linux-x86_64 OK
r-release-macos-arm64 0.10.3 16.00 OK
r-release-macos-x86_64 0.10.3 27.00 OK
r-release-windows-x86_64 0.10.3 3.00 53.00 56.00 OK
r-oldrel-macos-arm64 0.10.3 16.00 OK
r-oldrel-macos-x86_64 0.10.3 22.00 OK
r-oldrel-windows-x86_64 0.10.3 4.00 40.00 44.00 OK

Check Details

Version: 0.10.3
Check: CRAN incoming feasibility
Result: NOTE Maintainer: ‘Michael Lawrence <michafla@gene.com>’ No Authors@R field in DESCRIPTION. Please add one, modifying Authors@R: c(person(given = "Michael", family = "Lawrence", role = c("aut", "cre"), email = "michafla@gene.com"), person(given = "Tengfei", family = "Yin", role = "aut")) as necessary. Flavors: r-devel-linux-x86_64-debian-clang, r-devel-linux-x86_64-debian-gcc

These binaries (installable software) and packages are in development.
They may not be fully stable and should be used with caution. We make no claims about them.