Last updated on 2025-10-23 21:51:34 CEST.
Flavor | Version | Tinstall | Tcheck | Ttotal | Status | Flags |
---|---|---|---|---|---|---|
r-devel-linux-x86_64-debian-clang | 0.1.2 | 41.55 | 110.51 | 152.06 | NOTE | |
r-devel-linux-x86_64-debian-gcc | 0.1.2 | 28.83 | 79.60 | 108.43 | OK | |
r-devel-linux-x86_64-fedora-clang | 0.1.2 | 204.00 | 50.95 | 254.95 | OK | |
r-devel-linux-x86_64-fedora-gcc | 0.1.2 | 283.00 | -34.80 | 248.20 | OK | |
r-devel-windows-x86_64 | 0.1.2 | 45.00 | 123.00 | 168.00 | OK | |
r-patched-linux-x86_64 | 0.1.2 | 38.98 | 101.43 | 140.41 | OK | |
r-release-linux-x86_64 | 0.1.2 | 41.91 | 99.80 | 141.71 | OK | |
r-release-macos-arm64 | 0.1.2 | 16.00 | 45.00 | 61.00 | OK | |
r-release-macos-x86_64 | 0.1.2 | 24.00 | 73.00 | 97.00 | OK | |
r-release-windows-x86_64 | 0.1.2 | 46.00 | 124.00 | 170.00 | OK | |
r-oldrel-macos-arm64 | 0.1.2 | 15.00 | 38.00 | 53.00 | OK | |
r-oldrel-macos-x86_64 | 0.1.2 | 21.00 | 55.00 | 76.00 | OK | |
r-oldrel-windows-x86_64 | 0.1.2 | 56.00 | 159.00 | 215.00 | OK |
Version: 0.1.2
Check: HTML version of manual
Result: NOTE
Found the following HTML validation problems:
theme_Publication.html:46:1 (theme_Publication.Rd:10): Warning: missing </ul> before </div>
Flavor: r-devel-linux-x86_64-debian-clang
These binaries (installable software) and packages are in development.
They may not be fully stable and should be used with caution. We make no claims about them.