CRAN Package Check Results for Package obsSens

Last updated on 2025-11-11 15:50:41 CET.

Flavor Version Tinstall Tcheck Ttotal Status Flags
r-devel-linux-x86_64-debian-clang 1.4 1.86 20.73 22.59 NOTE
r-devel-linux-x86_64-debian-gcc 1.4 1.46 17.19 18.65 NOTE
r-devel-linux-x86_64-fedora-clang 1.4 33.08 OK
r-devel-linux-x86_64-fedora-gcc 1.4 31.64 OK
r-devel-windows-x86_64 1.4 2.00 40.00 42.00 OK
r-patched-linux-x86_64 1.4 1.86 19.90 21.76 OK
r-release-linux-x86_64 1.4 1.73 19.80 21.53 OK
r-release-macos-arm64 1.4 1.00 13.00 14.00 OK
r-release-macos-x86_64 1.4 3.00 31.00 34.00 OK
r-release-windows-x86_64 1.4 3.00 41.00 44.00 OK
r-oldrel-macos-arm64 1.4 1.00 13.00 14.00 OK
r-oldrel-macos-x86_64 1.4 2.00 26.00 28.00 OK
r-oldrel-windows-x86_64 1.4 2.00 42.00 44.00 OK

Check Details

Version: 1.4
Check: CRAN incoming feasibility
Result: NOTE Maintainer: ‘Greg Snow <538280@gmail.com>’ No Authors@R field in DESCRIPTION. Please add one, modifying Authors@R: person(given = "Greg", family = "Snow", role = c("aut", "cre"), email = "538280@gmail.com") as necessary. Flavors: r-devel-linux-x86_64-debian-clang, r-devel-linux-x86_64-debian-gcc

These binaries (installable software) and packages are in development.
They may not be fully stable and should be used with caution. We make no claims about them.