Last updated on 2025-05-01 14:49:16 CEST.
Flavor | Version | Tinstall | Tcheck | Ttotal | Status | Flags |
---|---|---|---|---|---|---|
r-devel-linux-x86_64-debian-clang | 0.5.9 | 10.97 | 110.37 | 121.34 | OK | |
r-devel-linux-x86_64-debian-gcc | 0.5.9 | 7.47 | 79.25 | 86.72 | OK | |
r-devel-linux-x86_64-fedora-clang | 0.5.9 | 180.32 | NOTE | |||
r-devel-linux-x86_64-fedora-gcc | 0.5.9 | 185.58 | NOTE | |||
r-devel-windows-x86_64 | 0.5.9 | 14.00 | 148.00 | 162.00 | OK | |
r-patched-linux-x86_64 | 0.5.9 | 10.96 | 103.76 | 114.72 | OK | |
r-release-linux-x86_64 | OK | |||||
r-release-macos-arm64 | 0.5.9 | 102.00 | OK | |||
r-release-macos-x86_64 | 0.5.9 | 231.00 | OK | |||
r-release-windows-x86_64 | 0.5.9 | 13.00 | 158.00 | 171.00 | OK | |
r-oldrel-macos-arm64 | 0.5.9 | 95.00 | OK | |||
r-oldrel-macos-x86_64 | 0.5.9 | 137.00 | OK | |||
r-oldrel-windows-x86_64 | 0.5.9 | 16.00 | 167.00 | 183.00 | OK |
Version: 0.5.9
Check: dependencies in R code
Result: NOTE
Namespace in Imports field not imported from: ‘ape’
All declared Imports should be used.
Flavors: r-devel-linux-x86_64-fedora-clang, r-devel-linux-x86_64-fedora-gcc
These binaries (installable software) and packages are in development.
They may not be fully stable and should be used with caution. We make no claims about them.