Last updated on 2025-02-16 08:50:55 CET.
Flavor | Version | Tinstall | Tcheck | Ttotal | Status | Flags |
---|---|---|---|---|---|---|
r-devel-linux-x86_64-debian-clang | 0.5.9 | 11.22 | 105.13 | 116.35 | OK | |
r-devel-linux-x86_64-debian-gcc | 0.5.9 | 7.28 | 72.89 | 80.17 | OK | |
r-devel-linux-x86_64-fedora-clang | 0.5.9 | 194.25 | NOTE | |||
r-devel-linux-x86_64-fedora-gcc | 0.5.9 | 182.34 | NOTE | |||
r-devel-macos-arm64 | 0.5.9 | 104.00 | OK | |||
r-devel-macos-x86_64 | 0.5.9 | 231.00 | OK | |||
r-devel-windows-x86_64 | 0.5.9 | 11.00 | 132.00 | 143.00 | OK | |
r-patched-linux-x86_64 | 0.5.9 | 9.81 | 96.19 | 106.00 | OK | |
r-release-linux-x86_64 | 0.5.9 | 8.99 | 95.29 | 104.28 | OK | |
r-release-macos-arm64 | 0.5.9 | 95.00 | OK | |||
r-release-macos-x86_64 | 0.5.9 | 137.00 | OK | |||
r-release-windows-x86_64 | 0.5.9 | 12.00 | 132.00 | 144.00 | OK | |
r-oldrel-macos-arm64 | 0.5.9 | 110.00 | OK | |||
r-oldrel-macos-x86_64 | 0.5.9 | 138.00 | OK | |||
r-oldrel-windows-x86_64 | 0.5.9 | 16.00 | 177.00 | 193.00 | OK |
Version: 0.5.9
Check: dependencies in R code
Result: NOTE
Namespace in Imports field not imported from: ‘ape’
All declared Imports should be used.
Flavors: r-devel-linux-x86_64-fedora-clang, r-devel-linux-x86_64-fedora-gcc
These binaries (installable software) and packages are in development.
They may not be fully stable and should be used with caution. We make no claims about them.