Last updated on 2025-02-16 08:50:55 CET.
Flavor | Version | Tinstall | Tcheck | Ttotal | Status | Flags |
---|---|---|---|---|---|---|
r-devel-linux-x86_64-debian-clang | 1.1 | 2.67 | 28.91 | 31.58 | NOTE | |
r-devel-linux-x86_64-debian-gcc | 1.1 | 1.97 | 23.34 | 25.31 | NOTE | |
r-devel-linux-x86_64-fedora-clang | 1.1 | 52.41 | NOTE | |||
r-devel-linux-x86_64-fedora-gcc | 1.1 | 47.09 | NOTE | |||
r-devel-macos-arm64 | 1.1 | 19.00 | NOTE | |||
r-devel-macos-x86_64 | 1.1 | 42.00 | NOTE | |||
r-devel-windows-x86_64 | 1.1 | 3.00 | 58.00 | 61.00 | NOTE | |
r-patched-linux-x86_64 | 1.1 | 3.11 | 27.69 | 30.80 | NOTE | |
r-release-linux-x86_64 | 1.1 | 2.46 | 27.85 | 30.31 | NOTE | |
r-release-macos-arm64 | 1.1 | 19.00 | NOTE | |||
r-release-macos-x86_64 | 1.1 | 28.00 | NOTE | |||
r-release-windows-x86_64 | 1.1 | 3.00 | 57.00 | 60.00 | NOTE | |
r-oldrel-macos-arm64 | 1.1 | 21.00 | OK | |||
r-oldrel-macos-x86_64 | 1.1 | 28.00 | OK | |||
r-oldrel-windows-x86_64 | 1.1 | 4.00 | 59.00 | 63.00 | OK |
Version: 1.1
Check: Rd files
Result: NOTE
checkRd: (-1) ChangepointDetector.Rd:93: Lost braces; missing escapes or markup?
93 | \code{'sparse'}, then only (S^{diag}, S^{off,d})
| ^
checkRd: (-1) ChangepointDetector.Rd:93: Lost braces; missing escapes or markup?
93 | \code{'sparse'}, then only (S^{diag}, S^{off,d})
| ^
checkRd: (-1) ChangepointDetector.Rd:94: Lost braces; missing escapes or markup?
94 | and (S^{diag}, S^{off,s}) are included in \code{stat} respectively.);
| ^
checkRd: (-1) ChangepointDetector.Rd:94: Lost braces; missing escapes or markup?
94 | and (S^{diag}, S^{off,s}) are included in \code{stat} respectively.);
| ^
Flavors: r-devel-linux-x86_64-debian-clang, r-devel-linux-x86_64-debian-gcc, r-devel-linux-x86_64-fedora-clang, r-devel-linux-x86_64-fedora-gcc, r-devel-macos-arm64, r-devel-macos-x86_64, r-devel-windows-x86_64, r-patched-linux-x86_64, r-release-linux-x86_64, r-release-macos-arm64, r-release-macos-x86_64, r-release-windows-x86_64
These binaries (installable software) and packages are in development.
They may not be fully stable and should be used with caution. We make no claims about them.