Last updated on 2024-07-27 15:50:27 CEST.
Flavor | Version | Tinstall | Tcheck | Ttotal | Status | Flags |
---|---|---|---|---|---|---|
r-devel-linux-x86_64-debian-clang | 1.8-2 | 217.68 | 696.66 | 914.34 | OK | |
r-devel-linux-x86_64-debian-gcc | 1.8-2 | NOTE | ||||
r-devel-linux-x86_64-fedora-clang | 1.8-2 | 1334.88 | NOTE | |||
r-devel-linux-x86_64-fedora-gcc | 1.8-2 | 1150.38 | OK | |||
r-devel-windows-x86_64 | 1.8-2 | 190.00 | 666.00 | 856.00 | NOTE | |
r-patched-linux-x86_64 | 1.8-2 | OK | ||||
r-release-linux-x86_64 | 1.8-2 | 184.16 | 684.72 | 868.88 | OK | |
r-release-macos-arm64 | 1.8-2 | 267.00 | NOTE | |||
r-release-macos-x86_64 | 1.8-2 | 414.00 | NOTE | |||
r-release-windows-x86_64 | 1.8-2 | 234.00 | 662.00 | 896.00 | NOTE | |
r-oldrel-macos-arm64 | 1.8-2 | 286.00 | NOTE | |||
r-oldrel-macos-x86_64 | 1.8-2 | 699.00 | NOTE | |||
r-oldrel-windows-x86_64 | 1.8-2 | 224.00 | 789.00 | 1013.00 | NOTE |
Version: 1.8-2
Check: Rd cross-references
Result: NOTE
Found the following Rd file(s) with Rd \link{} targets missing package
anchors:
swCSTp.Rd: gsw_C_from_SP
Please provide package anchors for all Rd \link{} targets not in the
package itself and the base packages.
Flavors: r-devel-linux-x86_64-debian-gcc, r-devel-windows-x86_64
Version: 1.8-2
Check: installed package size
Result: NOTE
installed size is 9.7Mb
sub-directories of 1Mb or more:
R 2.7Mb
data 1.0Mb
doc 1.7Mb
help 3.2Mb
Flavors: r-devel-linux-x86_64-fedora-clang, r-devel-windows-x86_64, r-release-macos-arm64, r-release-macos-x86_64, r-release-windows-x86_64, r-oldrel-macos-arm64, r-oldrel-macos-x86_64, r-oldrel-windows-x86_64
These binaries (installable software) and packages are in development.
They may not be fully stable and should be used with caution. We make no claims about them.