Last updated on 2025-10-03 13:49:42 CEST.
Flavor | Version | Tinstall | Tcheck | Ttotal | Status | Flags |
---|---|---|---|---|---|---|
r-devel-linux-x86_64-debian-clang | 1.8.5 | 49.86 | 234.07 | 283.93 | OK | |
r-devel-linux-x86_64-debian-gcc | 1.8.5 | 31.30 | 157.99 | 189.29 | OK | |
r-devel-linux-x86_64-fedora-clang | 1.8.5 | 475.28 | OK | |||
r-devel-linux-x86_64-fedora-gcc | 1.8.5 | 476.16 | OK | |||
r-devel-windows-x86_64 | 1.8.5 | 49.00 | 201.00 | 250.00 | OK | |
r-patched-linux-x86_64 | 1.8.5 | 45.20 | 220.30 | 265.50 | OK | |
r-release-linux-x86_64 | 1.8.5 | 41.00 | 221.68 | 262.68 | OK | |
r-release-macos-arm64 | 1.8.5 | 94.00 | OK | |||
r-release-macos-x86_64 | 1.8.5 | 201.00 | OK | |||
r-release-windows-x86_64 | 1.8.5 | 47.00 | 198.00 | 245.00 | OK | |
r-oldrel-macos-arm64 | 1.8.5 | 98.00 | NOTE | |||
r-oldrel-macos-x86_64 | 1.8.5 | 166.00 | NOTE | |||
r-oldrel-windows-x86_64 | 1.8.5 | 68.00 | 266.00 | 334.00 | NOTE |
Version: 1.8.5
Check: installed package size
Result: NOTE
installed size is 10.1Mb
sub-directories of 1Mb or more:
R 2.0Mb
doc 5.7Mb
extdata 1.6Mb
Flavors: r-oldrel-macos-arm64, r-oldrel-macos-x86_64, r-oldrel-windows-x86_64
These binaries (installable software) and packages are in development.
They may not be fully stable and should be used with caution. We make no claims about them.