CRAN Package Check Results for Package oceanis

Last updated on 2025-05-08 04:52:12 CEST.

Flavor Version Tinstall Tcheck Ttotal Status Flags
r-devel-linux-x86_64-debian-clang 1.8.5 46.60 226.53 273.13 OK
r-devel-linux-x86_64-debian-gcc 1.8.5 26.20 144.72 170.92 OK
r-devel-linux-x86_64-fedora-clang 1.8.5 452.22 OK
r-devel-linux-x86_64-fedora-gcc 1.8.5 444.33 OK
r-devel-windows-x86_64 1.8.5 46.00 193.00 239.00 OK
r-patched-linux-x86_64 1.8.5 44.95 210.41 255.36 OK
r-release-linux-x86_64 1.8.5 40.88 209.91 250.79 OK
r-release-macos-arm64 1.8.5 94.00 OK
r-release-macos-x86_64 1.8.5 201.00 OK
r-release-windows-x86_64 1.8.5 45.00 198.00 243.00 OK
r-oldrel-macos-arm64 1.8.5 98.00 NOTE
r-oldrel-macos-x86_64 1.8.5 166.00 NOTE
r-oldrel-windows-x86_64 1.8.5 63.00 248.00 311.00 NOTE

Check Details

Version: 1.8.5
Check: installed package size
Result: NOTE installed size is 10.1Mb sub-directories of 1Mb or more: R 2.0Mb doc 5.7Mb extdata 1.6Mb Flavors: r-oldrel-macos-arm64, r-oldrel-macos-x86_64, r-oldrel-windows-x86_64

These binaries (installable software) and packages are in development.
They may not be fully stable and should be used with caution. We make no claims about them.