CRAN Package Check Results for Package oceanwaves

Last updated on 2025-11-13 01:50:28 CET.

Flavor Version Tinstall Tcheck Ttotal Status Flags
r-devel-linux-x86_64-debian-clang 0.2.0 4.74 66.06 70.80 NOTE
r-devel-linux-x86_64-debian-gcc 0.2.0 4.22 51.57 55.79 NOTE
r-devel-linux-x86_64-fedora-clang 0.2.0 11.00 99.27 110.27 OK
r-devel-linux-x86_64-fedora-gcc 0.2.0 13.00 110.77 123.77 OK
r-devel-windows-x86_64 0.2.0 8.00 80.00 88.00 OK
r-patched-linux-x86_64 0.2.0 5.77 61.74 67.51 OK
r-release-linux-x86_64 0.2.0 5.20 62.06 67.26 OK
r-release-macos-arm64 0.2.0 2.00 33.00 35.00 OK
r-release-macos-x86_64 0.2.0 4.00 57.00 61.00 OK
r-release-windows-x86_64 0.2.0 8.00 80.00 88.00 OK
r-oldrel-macos-arm64 0.2.0 2.00 32.00 34.00 OK
r-oldrel-macos-x86_64 0.2.0 4.00 50.00 54.00 OK
r-oldrel-windows-x86_64 0.2.0 10.00 97.00 107.00 OK

Check Details

Version: 0.2.0
Check: CRAN incoming feasibility
Result: NOTE Maintainer: ‘Luke Miller <contact@lukemiller.org>’ Package CITATION file contains call(s) to old-style personList() or as.personList(). Please use c() on person objects instead. Package CITATION file contains call(s) to old-style citEntry(). Please use bibentry() instead. Flavors: r-devel-linux-x86_64-debian-clang, r-devel-linux-x86_64-debian-gcc

These binaries (installable software) and packages are in development.
They may not be fully stable and should be used with caution. We make no claims about them.