Last updated on 2025-07-02 01:51:45 CEST.
Flavor | Version | Tinstall | Tcheck | Ttotal | Status | Flags |
---|---|---|---|---|---|---|
r-devel-linux-x86_64-debian-clang | 1.1 | 4.32 | 29.90 | 34.22 | NOTE | |
r-devel-linux-x86_64-debian-gcc | 1.1 | 3.47 | 23.98 | 27.45 | NOTE | |
r-devel-linux-x86_64-fedora-clang | 1.1 | 53.14 | OK | |||
r-devel-linux-x86_64-fedora-gcc | 1.1 | 50.00 | OK | |||
r-devel-windows-x86_64 | 1.1 | 5.00 | 50.00 | 55.00 | NOTE | |
r-patched-linux-x86_64 | NOTE | |||||
r-release-linux-x86_64 | 1.1 | 3.97 | 28.45 | 32.42 | NOTE | |
r-release-macos-arm64 | 1.1 | 19.00 | OK | |||
r-release-macos-x86_64 | 1.1 | 38.00 | OK | |||
r-release-windows-x86_64 | 1.1 | 5.00 | 50.00 | 55.00 | NOTE | |
r-oldrel-macos-arm64 | 1.1 | 20.00 | OK | |||
r-oldrel-macos-x86_64 | 1.1 | 27.00 | OK | |||
r-oldrel-windows-x86_64 | 1.1 | 6.00 | 56.00 | 62.00 | OK |
Version: 1.1
Check: Rd cross-references
Result: NOTE
Found the following Rd file(s) with Rd \link{} targets missing package
anchors:
bootockc.Rd: bootFlexclust, stepFlexclust
ockc.Rd: bootFlexclust, kcca
Please provide package anchors for all Rd \link{} targets not in the
package itself and the base packages.
Flavors: r-devel-linux-x86_64-debian-clang, r-devel-linux-x86_64-debian-gcc, r-devel-windows-x86_64, r-patched-linux-x86_64, r-release-linux-x86_64, r-release-windows-x86_64
These binaries (installable software) and packages are in development.
They may not be fully stable and should be used with caution. We make no claims about them.