CRAN Package Check Results for Package ocs4R

Last updated on 2025-05-01 15:49:38 CEST.

Flavor Version Tinstall Tcheck Ttotal Status Flags
r-devel-linux-x86_64-debian-clang 0.2-3 7.86 29.88 37.74 NOTE
r-devel-linux-x86_64-debian-gcc 0.2-3 4.92 23.90 28.82 NOTE
r-devel-linux-x86_64-fedora-clang 0.2-3 57.69 NOTE
r-devel-linux-x86_64-fedora-gcc 0.2-3 56.75 NOTE
r-devel-windows-x86_64 0.2-3 8.00 52.00 60.00 NOTE
r-patched-linux-x86_64 0.2-3 6.85 28.98 35.83 NOTE
r-release-linux-x86_64 NOTE
r-release-macos-arm64 0.2-3 23.00 NOTE
r-release-macos-x86_64 0.2-3 42.00 NOTE
r-release-windows-x86_64 0.2-3 9.00 62.00 71.00 NOTE
r-oldrel-macos-arm64 0.2-3 22.00 NOTE
r-oldrel-macos-x86_64 0.2-3 32.00 NOTE
r-oldrel-windows-x86_64 0.2-3 9.00 57.00 66.00 NOTE

Check Details

Version: 0.2-3
Check: Rd files
Result: NOTE checkRd: (-1) ocsApiUserProvisioningManager.Rd:87: Lost braces 87 | \item{code{addToGroup(userid, groupid)}}{ | ^ Flavors: r-devel-linux-x86_64-debian-clang, r-devel-linux-x86_64-debian-gcc, r-devel-linux-x86_64-fedora-clang, r-devel-linux-x86_64-fedora-gcc, r-devel-windows-x86_64, r-patched-linux-x86_64, r-release-linux-x86_64, r-release-macos-arm64, r-release-macos-x86_64, r-release-windows-x86_64, r-oldrel-macos-arm64, r-oldrel-macos-x86_64, r-oldrel-windows-x86_64

Version: 0.2-3
Check: Rd cross-references
Result: NOTE Found the following Rd file(s) with Rd \link{} targets missing package anchors: ocs4RLogger.Rd: R6Class ocsApiSharingManager.Rd: R6Class ocsApiUserProvisioningManager.Rd: R6Class ocsApiWebdavManager.Rd: R6Class ocsManager.Rd: R6Class ocsRequest.Rd: R6Class Please provide package anchors for all Rd \link{} targets not in the package itself and the base packages. Flavors: r-devel-linux-x86_64-debian-clang, r-devel-linux-x86_64-debian-gcc, r-devel-windows-x86_64, r-patched-linux-x86_64, r-release-linux-x86_64, r-release-windows-x86_64

These binaries (installable software) and packages are in development.
They may not be fully stable and should be used with caution. We make no claims about them.