CRAN Package Check Results for Package octopus

Last updated on 2025-05-08 04:52:12 CEST.

Flavor Version Tinstall Tcheck Ttotal Status Flags
r-devel-linux-x86_64-debian-clang 0.4.2 7.69 66.13 73.82 NOTE
r-devel-linux-x86_64-debian-gcc 0.4.2 5.07 47.31 52.38 NOTE
r-devel-linux-x86_64-fedora-clang 0.4.2 171.01 NOTE
r-devel-linux-x86_64-fedora-gcc 0.4.2 178.72 NOTE
r-devel-windows-x86_64 0.4.2 9.00 75.00 84.00 NOTE
r-patched-linux-x86_64 0.4.2 6.64 58.79 65.43 NOTE
r-release-linux-x86_64 0.4.2 7.36 59.53 66.89 NOTE
r-release-macos-arm64 0.4.2 52.00 NOTE
r-release-macos-x86_64 0.4.2 114.00 NOTE
r-release-windows-x86_64 0.4.2 10.00 78.00 88.00 NOTE
r-oldrel-macos-arm64 0.4.2 42.00 OK
r-oldrel-macos-x86_64 0.4.2 58.00 OK
r-oldrel-windows-x86_64 0.4.2 12.00 92.00 104.00 OK

Check Details

Version: 0.4.2
Check: DESCRIPTION meta-information
Result: NOTE Missing dependency on R >= 4.1.0 because package code uses the pipe |> or function shorthand \(...) syntax added in R 4.1.0. File(s) using such syntax: ‘duckdb_connection.R’ ‘get_database_functions.R’ ‘mysql_connection.R’ ‘postgres_connection.R’ ‘snowflake_connection.R’ ‘sqlite_connection.R’ ‘submit_query.R’ ‘vertica_connection.R’ Flavors: r-devel-linux-x86_64-debian-clang, r-devel-linux-x86_64-debian-gcc, r-devel-linux-x86_64-fedora-clang, r-devel-linux-x86_64-fedora-gcc, r-devel-windows-x86_64, r-patched-linux-x86_64, r-release-linux-x86_64, r-release-macos-arm64, r-release-macos-x86_64, r-release-windows-x86_64

These binaries (installable software) and packages are in development.
They may not be fully stable and should be used with caution. We make no claims about them.