Last updated on 2025-02-16 08:50:55 CET.
Flavor | Version | Tinstall | Tcheck | Ttotal | Status | Flags |
---|---|---|---|---|---|---|
r-devel-linux-x86_64-debian-clang | 1.0.1 | 3.04 | 31.84 | 34.88 | NOTE | |
r-devel-linux-x86_64-debian-gcc | 1.0.1 | 2.15 | 24.17 | 26.32 | NOTE | |
r-devel-linux-x86_64-fedora-clang | 1.0.1 | 60.29 | NOTE | |||
r-devel-linux-x86_64-fedora-gcc | 1.0.1 | 52.37 | NOTE | |||
r-devel-macos-arm64 | 1.0.1 | 29.00 | OK | |||
r-devel-macos-x86_64 | 1.0.1 | 42.00 | NOTE | |||
r-devel-windows-x86_64 | 1.0.1 | 4.00 | 53.00 | 57.00 | NOTE | |
r-patched-linux-x86_64 | 1.0.1 | 3.42 | 29.65 | 33.07 | OK | |
r-release-linux-x86_64 | 1.0.1 | 2.89 | 29.50 | 32.39 | OK | |
r-release-macos-arm64 | 1.0.1 | 29.00 | OK | |||
r-release-macos-x86_64 | 1.0.1 | 32.00 | OK | |||
r-release-windows-x86_64 | 1.0.1 | 5.00 | 62.00 | 67.00 | OK | |
r-oldrel-macos-arm64 | 1.0.1 | 104.00 | OK | |||
r-oldrel-macos-x86_64 | 1.0.1 | 36.00 | OK | |||
r-oldrel-windows-x86_64 | 1.0.1 | 6.00 | 57.00 | 63.00 | OK |
Version: 1.0.1
Check: DESCRIPTION meta-information
Result: NOTE
Missing dependency on R >= 4.1.0 because package code uses the pipe
|> or function shorthand \(...) syntax added in R 4.1.0.
File(s) using such syntax:
‘octopus_api.R’
Flavors: r-devel-linux-x86_64-debian-clang, r-devel-linux-x86_64-debian-gcc, r-devel-linux-x86_64-fedora-clang, r-devel-linux-x86_64-fedora-gcc, r-devel-macos-x86_64, r-devel-windows-x86_64
These binaries (installable software) and packages are in development.
They may not be fully stable and should be used with caution. We make no claims about them.