CRAN Package Check Results for Package odbc

Last updated on 2025-11-13 01:50:28 CET.

Flavor Version Tinstall Tcheck Ttotal Status Flags
r-devel-linux-x86_64-debian-clang 1.6.3 71.00 73.43 144.43 NOTE
r-devel-linux-x86_64-debian-gcc 1.6.3 54.74 55.53 110.27 NOTE
r-devel-linux-x86_64-fedora-clang 1.6.3 312.00 -36.97 275.03 NOTE
r-devel-linux-x86_64-fedora-gcc 1.6.3 123.00 148.92 271.92 NOTE
r-devel-windows-x86_64 1.6.3 118.00 112.00 230.00 NOTE
r-patched-linux-x86_64 1.6.3 77.94 69.31 147.25 OK
r-release-linux-x86_64 1.6.3 75.04 69.34 144.38 OK
r-release-macos-arm64 1.6.3 33.00 51.00 84.00 OK
r-release-macos-x86_64 1.6.3 55.00 120.00 175.00 OK
r-release-windows-x86_64 1.6.3 118.00 107.00 225.00 OK
r-oldrel-macos-arm64 1.6.3 33.00 48.00 81.00 NOTE
r-oldrel-macos-x86_64 1.6.3 59.00 93.00 152.00 NOTE
r-oldrel-windows-x86_64 1.6.3 137.00 138.00 275.00 OK

Additional issues

musl

Check Details

Version: 1.6.3
Check: Rd files
Result: NOTE checkRd: (-1) dbConnect-OdbcDriver-method.Rd:137: height/width attributes should be in pixels Flavors: r-devel-linux-x86_64-debian-clang, r-devel-linux-x86_64-debian-gcc, r-devel-linux-x86_64-fedora-clang, r-devel-linux-x86_64-fedora-gcc, r-devel-windows-x86_64

Version: 1.6.3
Check: installed package size
Result: NOTE installed size is 12.8Mb sub-directories of 1Mb or more: libs 11.9Mb Flavors: r-oldrel-macos-arm64, r-oldrel-macos-x86_64

These binaries (installable software) and packages are in development.
They may not be fully stable and should be used with caution. We make no claims about them.