CRAN Package Check Results for Package odds.converter

Last updated on 2025-11-13 01:50:28 CET.

Flavor Version Tinstall Tcheck Ttotal Status Flags
r-devel-linux-x86_64-debian-clang 1.4.8 2.16 24.55 26.71 NOTE
r-devel-linux-x86_64-debian-gcc 1.4.8 1.80 20.07 21.87 NOTE
r-devel-linux-x86_64-fedora-clang 1.4.8 37.88 OK
r-devel-linux-x86_64-fedora-gcc 1.4.8 37.94 OK
r-devel-windows-x86_64 1.4.8 4.00 48.00 52.00 OK
r-patched-linux-x86_64 1.4.8 2.53 22.44 24.97 OK
r-release-linux-x86_64 1.4.8 2.06 22.30 24.36 OK
r-release-macos-arm64 1.4.8 1.00 14.00 15.00 OK
r-release-macos-x86_64 1.4.8 2.00 25.00 27.00 OK
r-release-windows-x86_64 1.4.8 3.00 49.00 52.00 OK
r-oldrel-macos-arm64 1.4.8 1.00 14.00 15.00 OK
r-oldrel-macos-x86_64 1.4.8 2.00 20.00 22.00 OK
r-oldrel-windows-x86_64 1.4.8 4.00 53.00 57.00 OK

Check Details

Version: 1.4.8
Check: CRAN incoming feasibility
Result: NOTE Maintainer: ‘Marco Blume <marco.blume@pinnaclesports.com>’ No Authors@R field in DESCRIPTION. Please add one, modifying Authors@R: c(person(given = "Marco", family = "Blume", role = c("aut", "cre"), email = "marco.blume@pinnaclesports.com"), person(given = "Sascha", family = "Thomsen", role = "aut")) as necessary. Flavors: r-devel-linux-x86_64-debian-clang, r-devel-linux-x86_64-debian-gcc

These binaries (installable software) and packages are in development.
They may not be fully stable and should be used with caution. We make no claims about them.