Last updated on 2025-05-01 22:49:50 CEST.
Flavor | Version | Tinstall | Tcheck | Ttotal | Status | Flags |
---|---|---|---|---|---|---|
r-devel-linux-x86_64-debian-clang | 1.4.8 | 2.45 | 23.00 | 25.45 | NOTE | |
r-devel-linux-x86_64-debian-gcc | 1.4.8 | 1.82 | 18.29 | 20.11 | NOTE | |
r-devel-linux-x86_64-fedora-clang | 1.4.8 | 37.31 | OK | |||
r-devel-linux-x86_64-fedora-gcc | 1.4.8 | 36.54 | OK | |||
r-devel-windows-x86_64 | 1.4.8 | 3.00 | 50.00 | 53.00 | OK | |
r-patched-linux-x86_64 | 1.4.8 | 2.58 | 20.82 | 23.40 | OK | |
r-release-linux-x86_64 | OK | |||||
r-release-macos-arm64 | 1.4.8 | 15.00 | OK | |||
r-release-macos-x86_64 | 1.4.8 | 27.00 | OK | |||
r-release-windows-x86_64 | 1.4.8 | 3.00 | 71.00 | 74.00 | OK | |
r-oldrel-macos-arm64 | 1.4.8 | 15.00 | OK | |||
r-oldrel-macos-x86_64 | 1.4.8 | 22.00 | OK | |||
r-oldrel-windows-x86_64 | 1.4.8 | 3.00 | 51.00 | 54.00 | OK |
Version: 1.4.8
Check: CRAN incoming feasibility
Result: NOTE
Maintainer: ‘Marco Blume <marco.blume@pinnaclesports.com>’
No Authors@R field in DESCRIPTION.
Please add one, modifying
Authors@R: c(person(given = "Marco",
family = "Blume",
role = c("aut", "cre"),
email = "marco.blume@pinnaclesports.com"),
person(given = "Sascha",
family = "Thomsen",
role = "aut"))
as necessary.
Flavors: r-devel-linux-x86_64-debian-clang, r-devel-linux-x86_64-debian-gcc
These binaries (installable software) and packages are in development.
They may not be fully stable and should be used with caution. We make no claims about them.