CRAN Package Check Results for Package odds.n.ends

Last updated on 2025-02-16 08:50:55 CET.

Flavor Version Tinstall Tcheck Ttotal Status Flags
r-devel-linux-x86_64-debian-clang 0.1.4 1.60 19.98 21.58 OK
r-devel-linux-x86_64-debian-gcc 0.1.4 1.27 17.36 18.63 OK
r-devel-linux-x86_64-fedora-clang 0.1.4 39.03 NOTE
r-devel-linux-x86_64-fedora-gcc 0.1.4 47.91 NOTE
r-devel-macos-arm64 0.1.4 23.00 OK
r-devel-macos-x86_64 0.1.4 37.00 OK
r-devel-windows-x86_64 0.1.4 3.00 43.00 46.00 OK
r-patched-linux-x86_64 0.1.4 1.54 19.46 21.00 OK
r-release-linux-x86_64 0.1.4 1.55 19.59 21.14 OK
r-release-macos-arm64 0.1.4 22.00 OK
r-release-macos-x86_64 0.1.4 32.00 OK
r-release-windows-x86_64 0.1.4 3.00 44.00 47.00 OK
r-oldrel-macos-arm64 0.1.4 25.00 OK
r-oldrel-macos-x86_64 0.1.4 28.00 OK
r-oldrel-windows-x86_64 0.1.4 3.00 44.00 47.00 OK

Check Details

Version: 0.1.4
Check: dependencies in R code
Result: NOTE Namespace in Imports field not imported from: ‘MASS’ All declared Imports should be used. Flavors: r-devel-linux-x86_64-fedora-clang, r-devel-linux-x86_64-fedora-gcc

These binaries (installable software) and packages are in development.
They may not be fully stable and should be used with caution. We make no claims about them.