Last updated on 2025-10-09 23:51:20 CEST.
Flavor | Version | Tinstall | Tcheck | Ttotal | Status | Flags |
---|---|---|---|---|---|---|
r-devel-linux-x86_64-debian-clang | 0.5.0 | 15.06 | 111.49 | 126.55 | OK | |
r-devel-linux-x86_64-debian-gcc | 0.5.0 | 10.14 | 79.32 | 89.46 | OK | |
r-devel-linux-x86_64-fedora-clang | 0.5.0 | 194.64 | NOTE | |||
r-devel-linux-x86_64-fedora-gcc | 0.5.0 | 181.72 | NOTE | |||
r-devel-windows-x86_64 | 0.5.0 | 16.00 | 107.00 | 123.00 | OK | |
r-patched-linux-x86_64 | 0.5.0 | 16.16 | 103.62 | 119.78 | OK | |
r-release-linux-x86_64 | 0.5.0 | 12.71 | 105.31 | 118.02 | OK | |
r-release-macos-arm64 | 0.5.0 | 45.00 | OK | |||
r-release-macos-x86_64 | 0.5.0 | 96.00 | OK | |||
r-release-windows-x86_64 | 0.5.0 | 16.00 | 108.00 | 124.00 | OK | |
r-oldrel-macos-arm64 | 0.5.0 | 48.00 | OK | |||
r-oldrel-macos-x86_64 | 0.5.0 | 76.00 | OK | |||
r-oldrel-windows-x86_64 | 0.5.0 | 21.00 | 140.00 | 161.00 | OK |
Version: 0.5.0
Check: dependencies in R code
Result: NOTE
Namespaces in Imports field not imported from:
‘RColorBrewer’ ‘graphics’
All declared Imports should be used.
Flavors: r-devel-linux-x86_64-fedora-clang, r-devel-linux-x86_64-fedora-gcc
These binaries (installable software) and packages are in development.
They may not be fully stable and should be used with caution. We make no claims about them.