CRAN Package Check Results for Package oddstream

Last updated on 2025-11-11 15:50:41 CET.

Flavor Version Tinstall Tcheck Ttotal Status Flags
r-devel-linux-x86_64-debian-clang 0.5.0 13.79 112.22 126.01 OK
r-devel-linux-x86_64-debian-gcc 0.5.0 11.03 77.01 88.04 OK
r-devel-linux-x86_64-fedora-clang 0.5.0 31.00 165.76 196.76 NOTE
r-devel-linux-x86_64-fedora-gcc 0.5.0 32.00 164.48 196.48 NOTE
r-devel-windows-x86_64 0.5.0 14.00 105.00 119.00 OK
r-patched-linux-x86_64 0.5.0 17.07 104.14 121.21 OK
r-release-linux-x86_64 0.5.0 15.23 106.00 121.23 OK
r-release-macos-arm64 0.5.0 6.00 39.00 45.00 OK
r-release-macos-x86_64 0.5.0 12.00 84.00 96.00 OK
r-release-windows-x86_64 0.5.0 16.00 104.00 120.00 OK
r-oldrel-macos-arm64 0.5.0 7.00 41.00 48.00 OK
r-oldrel-macos-x86_64 0.5.0 14.00 62.00 76.00 OK
r-oldrel-windows-x86_64 0.5.0 24.00 136.00 160.00 OK

Check Details

Version: 0.5.0
Check: dependencies in R code
Result: NOTE Namespaces in Imports field not imported from: ‘RColorBrewer’ ‘graphics’ All declared Imports should be used. Flavors: r-devel-linux-x86_64-fedora-clang, r-devel-linux-x86_64-fedora-gcc

These binaries (installable software) and packages are in development.
They may not be fully stable and should be used with caution. We make no claims about them.