Last updated on 2025-05-01 15:49:38 CEST.
Flavor | Version | Tinstall | Tcheck | Ttotal | Status | Flags |
---|---|---|---|---|---|---|
r-devel-linux-x86_64-debian-clang | 1.0.1 | 2.63 | 40.90 | 43.53 | NOTE | |
r-devel-linux-x86_64-debian-gcc | 1.0.1 | 1.83 | 31.83 | 33.66 | NOTE | |
r-devel-linux-x86_64-fedora-clang | 1.0.1 | 69.90 | OK | |||
r-devel-linux-x86_64-fedora-gcc | 1.0.1 | 81.58 | OK | |||
r-devel-windows-x86_64 | 1.0.1 | 4.00 | 63.00 | 67.00 | OK | |
r-patched-linux-x86_64 | 1.0.1 | 2.46 | 39.54 | 42.00 | OK | |
r-release-linux-x86_64 | OK | |||||
r-release-macos-arm64 | 1.0.1 | 41.00 | OK | |||
r-release-macos-x86_64 | 1.0.1 | 52.00 | OK | |||
r-release-windows-x86_64 | 1.0.1 | 4.00 | 72.00 | 76.00 | OK | |
r-oldrel-macos-arm64 | 1.0.1 | 28.00 | OK | |||
r-oldrel-macos-x86_64 | 1.0.1 | 45.00 | OK | |||
r-oldrel-windows-x86_64 | 1.0.1 | 4.00 | 77.00 | 81.00 | OK |
Version: 1.0.1
Check: CRAN incoming feasibility
Result: NOTE
Maintainer: ‘Zeynel Cebeci <zcebeci@cukurova.edu.tr>’
Package CITATION file contains call(s) to old-style personList() or
as.personList(). Please use c() on person objects instead.
Package CITATION file contains call(s) to old-style citEntry(). Please
use bibentry() instead.
Flavors: r-devel-linux-x86_64-debian-clang, r-devel-linux-x86_64-debian-gcc
These binaries (installable software) and packages are in development.
They may not be fully stable and should be used with caution. We make no claims about them.