CRAN Package Check Results for Package odk

Last updated on 2025-11-14 21:50:08 CET.

Flavor Version Tinstall Tcheck Ttotal Status Flags
r-devel-linux-x86_64-debian-clang 1.5 3.07 32.46 35.53 NOTE
r-devel-linux-x86_64-debian-gcc 1.5 2.31 26.60 28.91 NOTE
r-devel-linux-x86_64-fedora-clang 1.5 52.97 OK
r-devel-linux-x86_64-fedora-gcc 1.5 53.51 OK
r-devel-windows-x86_64 1.5 5.00 54.00 59.00 OK
r-patched-linux-x86_64 1.5 2.88 31.32 34.20 OK
r-release-linux-x86_64 1.5 3.14 31.34 34.48 OK
r-release-macos-arm64 1.5 2.00 21.00 23.00 OK
r-release-macos-x86_64 1.5 3.00 33.00 36.00 OK
r-release-windows-x86_64 1.5 5.00 53.00 58.00 OK
r-oldrel-macos-arm64 1.5 1.00 18.00 19.00 OK
r-oldrel-macos-x86_64 1.5 2.00 27.00 29.00 OK
r-oldrel-windows-x86_64 1.5 6.00 59.00 65.00 OK

Check Details

Version: 1.5
Check: CRAN incoming feasibility
Result: NOTE Maintainer: ‘Muntashir-Al-Arefin <muntashir.a2i@gmail.com>’ No Authors@R field in DESCRIPTION. Please add one, modifying Authors@R: person(family = "Muntashir-Al-Arefin", role = c("aut", "cre"), email = "muntashir.a2i@gmail.com") as necessary. Flavors: r-devel-linux-x86_64-debian-clang, r-devel-linux-x86_64-debian-gcc

These binaries (installable software) and packages are in development.
They may not be fully stable and should be used with caution. We make no claims about them.