CRAN Package Check Results for Package oem

Last updated on 2025-05-08 04:52:12 CEST.

Flavor Version Tinstall Tcheck Ttotal Status Flags
r-devel-linux-x86_64-debian-clang 2.0.12 308.97 177.75 486.72 OK
r-devel-linux-x86_64-debian-gcc 2.0.12 251.87 141.92 393.79 OK
r-devel-linux-x86_64-fedora-clang 2.0.12 805.28 OK
r-devel-linux-x86_64-fedora-gcc 2.0.12 1073.69 OK
r-devel-windows-x86_64 2.0.12 299.00 257.00 556.00 OK
r-patched-linux-x86_64 2.0.12 324.06 198.23 522.29 OK
r-release-linux-x86_64 2.0.12 332.05 189.32 521.37 OK
r-release-macos-arm64 2.0.12 228.00 OK
r-release-macos-x86_64 2.0.12 316.00 OK
r-release-windows-x86_64 2.0.12 297.00 258.00 555.00 OK
r-oldrel-macos-arm64 2.0.12 214.00 NOTE
r-oldrel-macos-x86_64 2.0.12 470.00 NOTE
r-oldrel-windows-x86_64 2.0.12 353.00 346.00 699.00 OK

Check Details

Version: 2.0.12
Check: installed package size
Result: NOTE installed size is 99.1Mb sub-directories of 1Mb or more: libs 98.0Mb Flavors: r-oldrel-macos-arm64, r-oldrel-macos-x86_64

These binaries (installable software) and packages are in development.
They may not be fully stable and should be used with caution. We make no claims about them.