Last updated on 2025-02-16 08:50:55 CET.
Flavor | Version | Tinstall | Tcheck | Ttotal | Status | Flags |
---|---|---|---|---|---|---|
r-devel-linux-x86_64-debian-clang | 2.0.12 | 293.10 | 183.45 | 476.55 | OK | |
r-devel-linux-x86_64-debian-gcc | 2.0.12 | 255.18 | 135.52 | 390.70 | OK | |
r-devel-linux-x86_64-fedora-clang | 2.0.12 | 829.15 | OK | |||
r-devel-linux-x86_64-fedora-gcc | 2.0.12 | 1000.98 | OK | |||
r-devel-macos-arm64 | 2.0.12 | 211.00 | OK | |||
r-devel-macos-x86_64 | 2.0.12 | 310.00 | OK | |||
r-devel-windows-x86_64 | 2.0.12 | 275.00 | 232.00 | 507.00 | OK | |
r-patched-linux-x86_64 | 2.0.12 | 342.47 | 212.99 | 555.46 | OK | |
r-release-linux-x86_64 | 2.0.12 | 333.75 | 184.64 | 518.39 | OK | |
r-release-macos-arm64 | 2.0.12 | 214.00 | NOTE | |||
r-release-macos-x86_64 | 2.0.12 | 470.00 | NOTE | |||
r-release-windows-x86_64 | 2.0.12 | 277.00 | 273.00 | 550.00 | OK | |
r-oldrel-macos-arm64 | 2.0.12 | 272.00 | NOTE | |||
r-oldrel-macos-x86_64 | 2.0.12 | 409.00 | NOTE | |||
r-oldrel-windows-x86_64 | 2.0.12 | 344.00 | 307.00 | 651.00 | OK |
Version: 2.0.12
Check: installed package size
Result: NOTE
installed size is 99.1Mb
sub-directories of 1Mb or more:
libs 98.0Mb
Flavors: r-release-macos-arm64, r-release-macos-x86_64, r-oldrel-macos-arm64, r-oldrel-macos-x86_64
These binaries (installable software) and packages are in development.
They may not be fully stable and should be used with caution. We make no claims about them.