Last updated on 2025-10-23 11:50:21 CEST.
Flavor | Version | Tinstall | Tcheck | Ttotal | Status | Flags |
---|---|---|---|---|---|---|
r-devel-linux-x86_64-debian-clang | 2.0.12 | 302.43 | 181.31 | 483.74 | NOTE | |
r-devel-linux-x86_64-debian-gcc | 2.0.12 | 247.57 | 145.59 | 393.16 | OK | |
r-devel-linux-x86_64-fedora-clang | 2.0.12 | 220.00 | 541.87 | 761.87 | OK | |
r-devel-linux-x86_64-fedora-gcc | 2.0.12 | 163.00 | 760.03 | 923.03 | OK | |
r-devel-windows-x86_64 | 2.0.12 | 294.00 | 263.00 | 557.00 | OK | |
r-patched-linux-x86_64 | 2.0.12 | 340.46 | 198.50 | 538.96 | OK | |
r-release-linux-x86_64 | 2.0.12 | 348.29 | 204.29 | 552.58 | OK | |
r-release-macos-arm64 | 2.0.12 | 130.00 | 98.00 | 228.00 | OK | |
r-release-macos-x86_64 | 2.0.12 | 97.00 | 219.00 | 316.00 | OK | |
r-release-windows-x86_64 | 2.0.12 | 298.00 | 252.00 | 550.00 | OK | |
r-oldrel-macos-arm64 | 2.0.12 | 121.00 | 93.00 | 214.00 | NOTE | |
r-oldrel-macos-x86_64 | 2.0.12 | 150.00 | 320.00 | 470.00 | NOTE | |
r-oldrel-windows-x86_64 | 2.0.12 | 358.00 | 311.00 | 669.00 | OK |
Version: 2.0.12
Check: HTML version of manual
Result: NOTE
Found the following HTML validation problems:
print.html:55:1 (print.Rd:14): Warning: missing </ul> before </div>
summary.html:56:1 (summary.Rd:15): Warning: missing </ul> before </div>
Flavor: r-devel-linux-x86_64-debian-clang
Version: 2.0.12
Check: installed package size
Result: NOTE
installed size is 99.1Mb
sub-directories of 1Mb or more:
libs 98.0Mb
Flavors: r-oldrel-macos-arm64, r-oldrel-macos-x86_64
These binaries (installable software) and packages are in development.
They may not be fully stable and should be used with caution. We make no claims about them.