CRAN Package Check Results for Package oesr

Last updated on 2025-07-02 03:50:47 CEST.

Flavor Version Tinstall Tcheck Ttotal Status Flags
r-devel-linux-x86_64-debian-clang 0.1.0 5.64 94.22 99.86 NOTE
r-devel-linux-x86_64-debian-gcc 0.1.0 4.38 68.88 73.26 NOTE
r-devel-linux-x86_64-fedora-clang 0.1.0 158.29 NOTE
r-devel-linux-x86_64-fedora-gcc 0.1.0 145.55 NOTE
r-devel-windows-x86_64 0.1.0 9.00 95.00 104.00 NOTE
r-patched-linux-x86_64 NOTE
r-release-linux-x86_64 0.1.0 5.41 87.35 92.76 NOTE
r-release-macos-arm64 0.1.0 46.00 NOTE
r-release-macos-x86_64 0.1.0 86.00 NOTE
r-release-windows-x86_64 0.1.0 10.00 96.00 106.00 NOTE
r-oldrel-macos-arm64 0.1.0 46.00 OK
r-oldrel-macos-x86_64 0.1.0 62.00 OK
r-oldrel-windows-x86_64 0.1.0 13.00 123.00 136.00 OK

Check Details

Version: 0.1.0
Check: DESCRIPTION meta-information
Result: NOTE Missing dependency on R >= 4.1.0 because package code uses the pipe |> or function shorthand \(...) syntax added in R 4.1.0. File(s) using such syntax: ‘oes_plot.Rd’ ‘oes_prep.R’ Flavors: r-devel-linux-x86_64-debian-clang, r-devel-linux-x86_64-debian-gcc, r-devel-linux-x86_64-fedora-clang, r-devel-linux-x86_64-fedora-gcc, r-devel-windows-x86_64, r-patched-linux-x86_64, r-release-linux-x86_64, r-release-macos-arm64, r-release-windows-x86_64

Version: 0.1.0
Check: DESCRIPTION meta-information
Result: NOTE Missing dependency on R >= 4.1.0 because package code uses the pipe |> or function shorthand \(...) syntax added in R 4.1.0. File(s) using such syntax: ‘oes_prep.R’ Flavor: r-release-macos-x86_64

These binaries (installable software) and packages are in development.
They may not be fully stable and should be used with caution. We make no claims about them.