CRAN Package Check Results for Package oews2020

Last updated on 2025-07-02 03:50:47 CEST.

Flavor Version Tinstall Tcheck Ttotal Status Flags
r-devel-linux-x86_64-debian-clang 1.0.0 12.60 21.61 34.21 NOTE
r-devel-linux-x86_64-debian-gcc 1.0.0 9.00 18.11 27.11 NOTE
r-devel-linux-x86_64-fedora-clang 1.0.0 54.41 OK
r-devel-linux-x86_64-fedora-gcc 1.0.0 51.29 OK
r-devel-windows-x86_64 1.0.0 11.00 38.00 49.00 OK
r-patched-linux-x86_64 OK
r-release-linux-x86_64 1.0.0 11.77 20.64 32.41 OK
r-release-macos-arm64 1.0.0 26.00 OK
r-release-macos-x86_64 1.0.0 43.00 OK
r-release-windows-x86_64 1.0.0 11.00 40.00 51.00 OK
r-oldrel-macos-arm64 1.0.0 24.00 NOTE
r-oldrel-macos-x86_64 1.0.0 33.00 NOTE
r-oldrel-windows-x86_64 1.0.0 11.00 36.00 47.00 OK

Check Details

Version: 1.0.0
Check: CRAN incoming feasibility
Result: NOTE Maintainer: ‘Christopher Mann <cmann3@unl.edu>’ No Authors@R field in DESCRIPTION. Please add one, modifying Authors@R: person(given = "Christopher", family = "Mann", role = c("aut", "cre"), email = "cmann3@unl.edu") as necessary. Flavors: r-devel-linux-x86_64-debian-clang, r-devel-linux-x86_64-debian-gcc

Version: 1.0.0
Check: installed package size
Result: NOTE installed size is 5.4Mb sub-directories of 1Mb or more: data 5.3Mb Flavors: r-oldrel-macos-arm64, r-oldrel-macos-x86_64

These binaries (installable software) and packages are in development.
They may not be fully stable and should be used with caution. We make no claims about them.