Last updated on 2025-02-16 08:50:55 CET.
Flavor | Version | Tinstall | Tcheck | Ttotal | Status | Flags |
---|---|---|---|---|---|---|
r-devel-linux-x86_64-debian-clang | 0.0.4 | 17.85 | 31.95 | 49.80 | OK | |
r-devel-linux-x86_64-debian-gcc | 0.0.4 | 11.82 | 24.59 | 36.41 | OK | |
r-devel-linux-x86_64-fedora-clang | 0.0.4 | 89.60 | OK | |||
r-devel-linux-x86_64-fedora-gcc | 0.0.4 | 96.09 | OK | |||
r-devel-macos-arm64 | 0.0.4 | 33.00 | OK | |||
r-devel-macos-x86_64 | 0.0.4 | 57.00 | OK | |||
r-devel-windows-x86_64 | 0.0.4 | 16.00 | 74.00 | 90.00 | OK | |
r-patched-linux-x86_64 | 0.0.4 | 15.59 | 30.46 | 46.05 | NOTE | |
r-release-linux-x86_64 | 0.0.4 | 15.62 | 30.71 | 46.33 | NOTE | |
r-release-macos-arm64 | 0.0.4 | 32.00 | NOTE | |||
r-release-macos-x86_64 | 0.0.4 | 47.00 | NOTE | |||
r-release-windows-x86_64 | 0.0.4 | 16.00 | 72.00 | 88.00 | NOTE | |
r-oldrel-macos-arm64 | 0.0.4 | 36.00 | NOTE | |||
r-oldrel-macos-x86_64 | 0.0.4 | 52.00 | NOTE | |||
r-oldrel-windows-x86_64 | 0.0.4 | 15.00 | 105.00 | 120.00 | NOTE |
Version: 0.0.4
Check: LazyData
Result: NOTE
'LazyData' is specified without a 'data' directory
Flavors: r-patched-linux-x86_64, r-release-linux-x86_64, r-release-macos-arm64, r-release-macos-x86_64, r-release-windows-x86_64, r-oldrel-macos-arm64, r-oldrel-macos-x86_64, r-oldrel-windows-x86_64
These binaries (installable software) and packages are in development.
They may not be fully stable and should be used with caution. We make no claims about them.