CRAN Package Check Results for Package oglmx

Last updated on 2025-02-16 08:50:55 CET.

Flavor Version Tinstall Tcheck Ttotal Status Flags
r-devel-linux-x86_64-debian-clang 3.0.0.0 4.98 43.44 48.42 NOTE
r-devel-linux-x86_64-debian-gcc 3.0.0.0 3.11 32.35 35.46 NOTE
r-devel-linux-x86_64-fedora-clang 3.0.0.0 82.48 NOTE
r-devel-linux-x86_64-fedora-gcc 3.0.0.0 87.06 NOTE
r-devel-macos-arm64 3.0.0.0 32.00 NOTE
r-devel-macos-x86_64 3.0.0.0 60.00 NOTE
r-devel-windows-x86_64 3.0.0.0 5.00 80.00 85.00 NOTE
r-patched-linux-x86_64 3.0.0.0 7.29 41.07 48.36 NOTE
r-release-linux-x86_64 3.0.0.0 5.03 41.38 46.41 NOTE
r-release-macos-arm64 3.0.0.0 31.00 NOTE
r-release-macos-x86_64 3.0.0.0 68.00 NOTE
r-release-windows-x86_64 3.0.0.0 6.00 85.00 91.00 NOTE
r-oldrel-macos-arm64 3.0.0.0 35.00 OK
r-oldrel-macos-x86_64 3.0.0.0 51.00 OK
r-oldrel-windows-x86_64 3.0.0.0 8.00 88.00 96.00 OK

Check Details

Version: 3.0.0.0
Check: Rd files
Result: NOTE checkRd: (-1) formula.oglmx.Rd:49: Lost braces 49 | \code{\link{oglmx}}, code{\link[lmtest]{lrtest}}, code{\link{formula}}. | ^ checkRd: (-1) formula.oglmx.Rd:49: Lost braces 49 | \code{\link{oglmx}}, code{\link[lmtest]{lrtest}}, code{\link{formula}}. | ^ Flavors: r-devel-linux-x86_64-debian-clang, r-devel-linux-x86_64-debian-gcc, r-devel-linux-x86_64-fedora-clang, r-devel-linux-x86_64-fedora-gcc, r-devel-macos-arm64, r-devel-macos-x86_64, r-devel-windows-x86_64, r-patched-linux-x86_64, r-release-linux-x86_64, r-release-macos-arm64, r-release-macos-x86_64, r-release-windows-x86_64

Version: 3.0.0.0
Check: Rd cross-references
Result: NOTE Found the following Rd file(s) with Rd \link{} targets missing package anchors: oglmx.Rd: maxNR, maxLik, polr Please provide package anchors for all Rd \link{} targets not in the package itself and the base packages. Flavors: r-devel-linux-x86_64-debian-clang, r-devel-linux-x86_64-debian-gcc, r-devel-windows-x86_64

These binaries (installable software) and packages are in development.
They may not be fully stable and should be used with caution. We make no claims about them.