Last updated on 2025-10-03 01:49:54 CEST.
Flavor | Version | Tinstall | Tcheck | Ttotal | Status | Flags |
---|---|---|---|---|---|---|
r-devel-linux-x86_64-debian-clang | 0.1.1 | 29.67 | 26.69 | 56.36 | OK | |
r-devel-linux-x86_64-debian-gcc | 0.1.1 | 20.51 | 21.85 | 42.36 | OK | |
r-devel-linux-x86_64-fedora-clang | 0.1.1 | 108.13 | OK | |||
r-devel-linux-x86_64-fedora-gcc | 0.1.1 | 107.93 | OK | |||
r-devel-windows-x86_64 | 0.1.1 | 38.00 | 67.00 | 105.00 | OK | |
r-patched-linux-x86_64 | 0.1.1 | 33.07 | 24.02 | 57.09 | OK | |
r-release-linux-x86_64 | 0.1.0 | 30.53 | 24.36 | 54.89 | NOTE | |
r-release-macos-arm64 | 0.1.1 | 31.00 | OK | |||
r-release-macos-x86_64 | 0.1.1 | 156.00 | OK | |||
r-release-windows-x86_64 | 0.1.1 | 36.00 | 62.00 | 98.00 | OK | |
r-oldrel-macos-arm64 | 0.1.0 | 29.00 | NOTE | |||
r-oldrel-macos-x86_64 | 0.1.1 | 144.00 | OK | |||
r-oldrel-windows-x86_64 | 0.1.1 | 43.00 | 77.00 | 120.00 | OK |
Version: 0.1.0
Check: C++ specification
Result: NOTE
Specified C++11: please drop specification unless essential
Flavors: r-release-linux-x86_64, r-oldrel-macos-arm64
These binaries (installable software) and packages are in development.
They may not be fully stable and should be used with caution. We make no claims about them.