CRAN Package Check Results for Package ohoegdm

Last updated on 2025-07-21 19:49:51 CEST.

Flavor Version Tinstall Tcheck Ttotal Status Flags
r-devel-linux-x86_64-debian-clang 0.1.0 31.06 25.34 56.40 NOTE
r-devel-linux-x86_64-debian-gcc 0.1.0 23.18 20.71 43.89 NOTE
r-devel-linux-x86_64-fedora-clang 0.1.0 82.43 NOTE
r-devel-linux-x86_64-fedora-gcc 0.1.0 95.31 NOTE
r-devel-windows-x86_64 0.1.0 35.00 62.00 97.00 NOTE
r-patched-linux-x86_64 0.1.0 32.98 22.68 55.66 NOTE
r-release-linux-x86_64 0.1.0 31.85 23.06 54.91 NOTE
r-release-macos-arm64 0.1.0 31.00 NOTE
r-release-macos-x86_64 0.1.0 44.00 NOTE
r-release-windows-x86_64 0.1.0 35.00 66.00 101.00 NOTE
r-oldrel-macos-arm64 0.1.0 29.00 NOTE
r-oldrel-macos-x86_64 0.1.0 41.00 NOTE
r-oldrel-windows-x86_64 0.1.0 42.00 74.00 116.00 NOTE

Check Details

Version: 0.1.0
Check: CRAN incoming feasibility
Result: NOTE Maintainer: ‘James Joseph Balamuta <balamut2@illinois.edu>’ Package CITATION file contains call(s) to old-style citEntry(). Please use bibentry() instead. Flavors: r-devel-linux-x86_64-debian-clang, r-devel-linux-x86_64-debian-gcc

Version: 0.1.0
Check: C++ specification
Result: NOTE Specified C++11: please drop specification unless essential Flavors: r-devel-linux-x86_64-debian-clang, r-devel-linux-x86_64-debian-gcc, r-devel-linux-x86_64-fedora-clang, r-devel-linux-x86_64-fedora-gcc, r-devel-windows-x86_64, r-patched-linux-x86_64, r-release-linux-x86_64, r-release-macos-arm64, r-release-macos-x86_64, r-release-windows-x86_64, r-oldrel-macos-arm64, r-oldrel-macos-x86_64, r-oldrel-windows-x86_64

These binaries (installable software) and packages are in development.
They may not be fully stable and should be used with caution. We make no claims about them.