Last updated on 2025-11-12 23:50:51 CET.
| Flavor | Version | Tinstall | Tcheck | Ttotal | Status | Flags |
|---|---|---|---|---|---|---|
| r-devel-linux-x86_64-debian-clang | 1.0.4 | 11.75 | 247.72 | 259.47 | OK | |
| r-devel-linux-x86_64-debian-gcc | 1.0.4 | 9.66 | 182.72 | 192.38 | OK | |
| r-devel-linux-x86_64-fedora-clang | 1.0.4 | 28.00 | 389.83 | 417.83 | OK | |
| r-devel-linux-x86_64-fedora-gcc | 1.0.4 | 28.00 | 407.96 | 435.96 | OK | |
| r-devel-windows-x86_64 | 1.0.4 | 19.00 | 277.00 | 296.00 | OK | |
| r-patched-linux-x86_64 | 1.0.4 | 13.17 | 231.24 | 244.41 | OK | |
| r-release-linux-x86_64 | 1.0.4 | 13.10 | 233.21 | 246.31 | OK | |
| r-release-macos-arm64 | 1.0.4 | 7.00 | 136.00 | 143.00 | OK | |
| r-release-macos-x86_64 | 1.0.4 | 20.00 | 519.00 | 539.00 | OK | |
| r-release-windows-x86_64 | 1.0.4 | 17.00 | 283.00 | 300.00 | OK | |
| r-oldrel-macos-arm64 | 1.0.4 | 7.00 | 142.00 | 149.00 | NOTE | |
| r-oldrel-macos-x86_64 | 1.0.4 | 19.00 | 488.00 | 507.00 | NOTE | |
| r-oldrel-windows-x86_64 | 1.0.4 | 22.00 | 342.00 | 364.00 | NOTE |
Version: 1.0.4
Check: installed package size
Result: NOTE
installed size is 6.8Mb
sub-directories of 1Mb or more:
doc 6.1Mb
Flavors: r-oldrel-macos-arm64, r-oldrel-macos-x86_64, r-oldrel-windows-x86_64
These binaries (installable software) and packages are in development.
They may not be fully stable and should be used with caution. We make no claims about them.