Last updated on 2025-02-16 08:50:55 CET.
Flavor | Version | Tinstall | Tcheck | Ttotal | Status | Flags |
---|---|---|---|---|---|---|
r-devel-linux-x86_64-debian-clang | 1.0.2 | 11.81 | 213.53 | 225.34 | OK | |
r-devel-linux-x86_64-debian-gcc | 1.0.2 | 7.71 | 158.43 | 166.14 | OK | |
r-devel-linux-x86_64-fedora-clang | 1.0.2 | 388.43 | OK | |||
r-devel-linux-x86_64-fedora-gcc | 1.0.2 | 363.58 | OK | |||
r-devel-macos-arm64 | 1.0.2 | 143.00 | OK | |||
r-devel-macos-x86_64 | 1.0.2 | 330.00 | OK | |||
r-devel-windows-x86_64 | 1.0.2 | 15.00 | 403.00 | 418.00 | OK | |
r-patched-linux-x86_64 | 1.0.2 | 11.57 | 205.26 | 216.83 | OK | |
r-release-linux-x86_64 | 1.0.2 | 11.10 | 201.44 | 212.54 | OK | |
r-release-macos-arm64 | 1.0.2 | 151.00 | NOTE | |||
r-release-macos-x86_64 | 1.0.2 | 484.00 | NOTE | |||
r-release-windows-x86_64 | 1.0.2 | 15.00 | 308.00 | 323.00 | NOTE | |
r-oldrel-macos-arm64 | 1.0.2 | 151.00 | NOTE | |||
r-oldrel-macos-x86_64 | 1.0.2 | 379.00 | NOTE | |||
r-oldrel-windows-x86_64 | 1.0.2 | 17.00 | 301.00 | 318.00 | NOTE |
Version: 1.0.2
Check: installed package size
Result: NOTE
installed size is 6.8Mb
sub-directories of 1Mb or more:
doc 6.1Mb
Flavors: r-release-macos-arm64, r-release-macos-x86_64, r-release-windows-x86_64, r-oldrel-macos-arm64, r-oldrel-macos-x86_64, r-oldrel-windows-x86_64
These binaries (installable software) and packages are in development.
They may not be fully stable and should be used with caution. We make no claims about them.