CRAN Package Check Results for Package oii

Last updated on 2025-07-25 11:50:01 CEST.

Flavor Version Tinstall Tcheck Ttotal Status Flags
r-devel-linux-x86_64-debian-clang 1.0.2.1 2.31 28.52 30.83 OK
r-devel-linux-x86_64-debian-gcc 1.0.2.1 1.65 21.76 23.41 OK
r-devel-linux-x86_64-fedora-clang 1.0.2.1 43.98 OK
r-devel-linux-x86_64-fedora-gcc 1.0.2.1 44.83 OK
r-devel-windows-x86_64 1.0.2.1 4.00 58.00 62.00 OK
r-patched-linux-x86_64 1.0.2.1 2.42 26.68 29.10 OK
r-release-linux-x86_64 1.0.2.1 2.27 26.77 29.04 OK
r-release-macos-arm64 1.0.2.1 35.00 OK
r-release-macos-x86_64 1.0.2.1 32.00 OK
r-release-windows-x86_64 1.0.2.1 4.00 51.00 55.00 OK
r-oldrel-macos-arm64 1.0.2.1 20.00 NOTE
r-oldrel-macos-x86_64 1.0.2.1 25.00 NOTE
r-oldrel-windows-x86_64 1.0.2.1 5.00 54.00 59.00 NOTE

Check Details

Version: 1.0.2.1
Check: LazyData
Result: NOTE 'LazyData' is specified without a 'data' directory Flavors: r-oldrel-macos-arm64, r-oldrel-macos-x86_64, r-oldrel-windows-x86_64

These binaries (installable software) and packages are in development.
They may not be fully stable and should be used with caution. We make no claims about them.