Last updated on 2025-07-25 01:49:34 CEST.
Flavor | Version | Tinstall | Tcheck | Ttotal | Status | Flags |
---|---|---|---|---|---|---|
r-devel-linux-x86_64-debian-clang | 0.2.3 | 5.80 | 230.12 | 235.92 | NOTE | |
r-devel-linux-x86_64-debian-gcc | 0.2.3 | 4.11 | 148.92 | 153.03 | NOTE | |
r-devel-linux-x86_64-fedora-clang | 0.2.3 | 381.46 | NOTE | |||
r-devel-linux-x86_64-fedora-gcc | 0.2.3 | 385.56 | NOTE | |||
r-devel-windows-x86_64 | 0.2.3 | 9.00 | 223.00 | 232.00 | NOTE | |
r-patched-linux-x86_64 | 0.2.3 | 6.16 | 212.25 | 218.41 | NOTE | |
r-release-linux-x86_64 | 0.2.3 | 5.95 | 214.52 | 220.47 | NOTE | |
r-release-macos-arm64 | 0.2.3 | 161.00 | NOTE | |||
r-release-macos-x86_64 | 0.2.3 | 156.00 | OK | |||
r-release-windows-x86_64 | 0.2.3 | 9.00 | 213.00 | 222.00 | NOTE | |
r-oldrel-macos-arm64 | 0.2.3 | 109.00 | OK | |||
r-oldrel-macos-x86_64 | 0.2.3 | 226.00 | OK | |||
r-oldrel-windows-x86_64 | 0.2.3 | 11.00 | 278.00 | 289.00 | OK |
Version: 0.2.3
Check: DESCRIPTION meta-information
Result: NOTE
Missing dependency on R >= 4.2.0 because package code uses the pipe
placeholder syntax added in R 4.2.0.
File(s) using such syntax:
‘01-opIndicators.R’
Flavors: r-devel-linux-x86_64-debian-clang, r-devel-linux-x86_64-debian-gcc, r-devel-linux-x86_64-fedora-clang, r-devel-linux-x86_64-fedora-gcc, r-devel-windows-x86_64, r-patched-linux-x86_64, r-release-linux-x86_64, r-release-macos-arm64, r-release-windows-x86_64
These binaries (installable software) and packages are in development.
They may not be fully stable and should be used with caution. We make no claims about them.