Last updated on 2025-02-16 08:50:55 CET.
Flavor | Version | Tinstall | Tcheck | Ttotal | Status | Flags |
---|---|---|---|---|---|---|
r-devel-linux-x86_64-debian-clang | 0.1.0 | 8.78 | 33.94 | 42.72 | OK | |
r-devel-linux-x86_64-debian-gcc | 0.1.0 | 7.17 | 25.20 | 32.37 | OK | |
r-devel-linux-x86_64-fedora-clang | 0.1.0 | 73.02 | NOTE | |||
r-devel-linux-x86_64-fedora-gcc | 0.1.0 | 66.23 | NOTE | |||
r-devel-macos-arm64 | 0.1.0 | 27.00 | OK | |||
r-devel-macos-x86_64 | 0.1.0 | 44.00 | OK | |||
r-devel-windows-x86_64 | 0.1.0 | 10.00 | 68.00 | 78.00 | OK | |
r-patched-linux-x86_64 | 0.1.0 | 9.79 | 32.36 | 42.15 | NOTE | |
r-release-linux-x86_64 | 0.1.0 | 9.40 | 32.49 | 41.89 | NOTE | |
r-release-macos-arm64 | 0.1.0 | 26.00 | NOTE | |||
r-release-macos-x86_64 | 0.1.0 | 34.00 | NOTE | |||
r-release-windows-x86_64 | 0.1.0 | 12.00 | 60.00 | 72.00 | NOTE | |
r-oldrel-macos-arm64 | 0.1.0 | 25.00 | NOTE | |||
r-oldrel-macos-x86_64 | 0.1.0 | 35.00 | NOTE | |||
r-oldrel-windows-x86_64 | 0.1.0 | 14.00 | 85.00 | 99.00 | NOTE |
Version: 0.1.0
Check: dependencies in R code
Result: NOTE
Namespace in Imports field not imported from: ‘gt’
All declared Imports should be used.
Flavors: r-devel-linux-x86_64-fedora-clang, r-devel-linux-x86_64-fedora-gcc
Version: 0.1.0
Check: LazyData
Result: NOTE
'LazyData' is specified without a 'data' directory
Flavors: r-patched-linux-x86_64, r-release-linux-x86_64, r-release-macos-arm64, r-release-macos-x86_64, r-release-windows-x86_64, r-oldrel-macos-arm64, r-oldrel-macos-x86_64, r-oldrel-windows-x86_64
These binaries (installable software) and packages are in development.
They may not be fully stable and should be used with caution. We make no claims about them.