Last updated on 2025-11-11 15:50:41 CET.
| Flavor | Version | Tinstall | Tcheck | Ttotal | Status | Flags |
|---|---|---|---|---|---|---|
| r-devel-linux-x86_64-debian-clang | 0.1.0 | 9.67 | 37.38 | 47.05 | OK | |
| r-devel-linux-x86_64-debian-gcc | 0.1.0 | 6.58 | 27.74 | 34.32 | OK | |
| r-devel-linux-x86_64-fedora-clang | 0.1.0 | 18.00 | 51.20 | 69.20 | NOTE | |
| r-devel-linux-x86_64-fedora-gcc | 0.1.0 | 18.00 | 48.88 | 66.88 | NOTE | |
| r-devel-windows-x86_64 | 0.1.0 | 10.00 | 58.00 | 68.00 | OK | |
| r-patched-linux-x86_64 | 0.1.0 | 9.97 | 35.89 | 45.86 | OK | |
| r-release-linux-x86_64 | 0.1.0 | 9.44 | 35.78 | 45.22 | OK | |
| r-release-macos-arm64 | 0.1.0 | 6.00 | 23.00 | 29.00 | OK | |
| r-release-macos-x86_64 | 0.1.0 | 9.00 | 35.00 | 44.00 | OK | |
| r-release-windows-x86_64 | 0.1.0 | 11.00 | 59.00 | 70.00 | OK | |
| r-oldrel-macos-arm64 | 0.1.0 | 6.00 | 20.00 | 26.00 | NOTE | |
| r-oldrel-macos-x86_64 | 0.1.0 | 7.00 | 27.00 | 34.00 | NOTE | |
| r-oldrel-windows-x86_64 | 0.1.0 | 15.00 | 68.00 | 83.00 | NOTE |
Version: 0.1.0
Check: dependencies in R code
Result: NOTE
Namespace in Imports field not imported from: ‘gt’
All declared Imports should be used.
Flavors: r-devel-linux-x86_64-fedora-clang, r-devel-linux-x86_64-fedora-gcc
Version: 0.1.0
Check: LazyData
Result: NOTE
'LazyData' is specified without a 'data' directory
Flavors: r-oldrel-macos-arm64, r-oldrel-macos-x86_64, r-oldrel-windows-x86_64
These binaries (installable software) and packages are in development.
They may not be fully stable and should be used with caution. We make no claims about them.