Last updated on 2025-05-29 13:49:11 CEST.
Flavor | Version | Tinstall | Tcheck | Ttotal | Status | Flags |
---|---|---|---|---|---|---|
r-devel-linux-x86_64-debian-clang | 1.2 | 56.84 | 586.85 | 643.69 | OK | |
r-devel-linux-x86_64-debian-gcc | 1.2 | 41.82 | 438.58 | 480.40 | OK | |
r-devel-linux-x86_64-fedora-clang | 1.2 | 999.28 | OK | |||
r-devel-linux-x86_64-fedora-gcc | 1.2 | 1002.94 | OK | |||
r-devel-windows-x86_64 | 1.2 | 56.00 | 463.00 | 519.00 | OK | |
r-patched-linux-x86_64 | 1.2 | 55.51 | 549.65 | 605.16 | OK | |
r-release-linux-x86_64 | 1.2 | 51.80 | 550.55 | 602.35 | OK | |
r-release-macos-arm64 | 1.2 | 5.00 | ERROR | |||
r-release-macos-x86_64 | 1.2 | 6.00 | ERROR | |||
r-release-windows-x86_64 | 1.2 | 55.00 | 500.00 | 555.00 | OK | |
r-oldrel-macos-arm64 | 1.2 | 10.00 | ERROR | |||
r-oldrel-macos-x86_64 | 1.2 | 11.00 | ERROR | |||
r-oldrel-windows-x86_64 | 1.2 | 78.00 | 621.00 | 699.00 | OK |
Version: 1.2
Check: package dependencies
Result: ERROR
Packages required but not available:
'org.Hs.eg.db', 'TxDb.Hsapiens.UCSC.hg19.knownGene', 'TCGAbiolinks'
See section ‘The DESCRIPTION file’ in the ‘Writing R Extensions’
manual.
Flavor: r-release-macos-arm64
Version: 1.2
Check: package dependencies
Result: ERROR
Packages required but not available:
'TxDb.Hsapiens.UCSC.hg19.knownGene', 'TCGAbiolinks'
See section ‘The DESCRIPTION file’ in the ‘Writing R Extensions’
manual.
Flavors: r-release-macos-x86_64, r-oldrel-macos-arm64, r-oldrel-macos-x86_64
These binaries (installable software) and packages are in development.
They may not be fully stable and should be used with caution. We make no claims about them.