Last updated on 2025-05-01 08:52:40 CEST.
Flavor | Version | Tinstall | Tcheck | Ttotal | Status | Flags |
---|---|---|---|---|---|---|
r-devel-linux-x86_64-debian-clang | 0.1.4 | 163.61 | 323.60 | 487.21 | OK | |
r-devel-linux-x86_64-debian-gcc | 0.1.4 | 138.73 | 234.14 | 372.87 | OK | |
r-devel-linux-x86_64-fedora-clang | 0.1.4 | 786.12 | OK | |||
r-devel-linux-x86_64-fedora-gcc | 0.1.4 | 849.59 | OK | |||
r-devel-windows-x86_64 | 0.1.4 | 174.00 | 363.00 | 537.00 | OK | |
r-patched-linux-x86_64 | 0.1.4 | 193.93 | 326.46 | 520.39 | OK | |
r-release-linux-x86_64 | OK | |||||
r-release-macos-arm64 | 0.1.4 | 201.00 | OK | |||
r-release-macos-x86_64 | 0.1.4 | 375.00 | OK | |||
r-release-windows-x86_64 | 0.1.4 | 182.00 | 372.00 | 554.00 | OK | |
r-oldrel-macos-arm64 | 0.1.4 | 110.00 | NOTE | |||
r-oldrel-macos-x86_64 | 0.1.4 | 197.00 | NOTE | |||
r-oldrel-windows-x86_64 | 0.1.4 | 199.00 | 468.00 | 667.00 | NOTE |
Version: 0.1.4
Check: installed package size
Result: NOTE
installed size is 48.2Mb
sub-directories of 1Mb or more:
doc 1.1Mb
libs 46.0Mb
Flavors: r-oldrel-macos-arm64, r-oldrel-macos-x86_64
Version: 0.1.4
Check: for GNU extensions in Makefiles
Result: NOTE
GNU make is a SystemRequirements.
Flavors: r-oldrel-macos-arm64, r-oldrel-macos-x86_64, r-oldrel-windows-x86_64
These binaries (installable software) and packages are in development.
They may not be fully stable and should be used with caution. We make no claims about them.