Last updated on 2025-07-22 19:51:55 CEST.
Flavor | Version | Tinstall | Tcheck | Ttotal | Status | Flags |
---|---|---|---|---|---|---|
r-devel-linux-x86_64-debian-clang | 0.1.4 | 164.30 | 323.64 | 487.94 | OK | |
r-devel-linux-x86_64-debian-gcc | 0.1.4 | 152.22 | 230.73 | 382.95 | OK | |
r-devel-linux-x86_64-fedora-clang | 0.1.4 | 783.83 | OK | |||
r-devel-linux-x86_64-fedora-gcc | 0.1.4 | 837.66 | OK | |||
r-devel-windows-x86_64 | 0.1.4 | 180.00 | 338.00 | 518.00 | OK | |
r-patched-linux-x86_64 | 0.1.4 | 180.03 | 327.48 | 507.51 | OK | |
r-release-linux-x86_64 | 0.1.4 | 189.36 | 325.49 | 514.85 | OK | |
r-release-macos-arm64 | 0.1.4 | 201.00 | OK | |||
r-release-macos-x86_64 | 0.1.4 | 375.00 | OK | |||
r-release-windows-x86_64 | 0.1.4 | 183.00 | 357.00 | 540.00 | OK | |
r-oldrel-macos-arm64 | 0.1.4 | 110.00 | NOTE | |||
r-oldrel-macos-x86_64 | 0.1.4 | 197.00 | NOTE | |||
r-oldrel-windows-x86_64 | 0.1.4 | 212.00 | 453.00 | 665.00 | NOTE |
Version: 0.1.4
Check: installed package size
Result: NOTE
installed size is 48.2Mb
sub-directories of 1Mb or more:
doc 1.1Mb
libs 46.0Mb
Flavors: r-oldrel-macos-arm64, r-oldrel-macos-x86_64
Version: 0.1.4
Check: for GNU extensions in Makefiles
Result: NOTE
GNU make is a SystemRequirements.
Flavors: r-oldrel-macos-arm64, r-oldrel-macos-x86_64, r-oldrel-windows-x86_64
These binaries (installable software) and packages are in development.
They may not be fully stable and should be used with caution. We make no claims about them.