Last updated on 2025-10-23 07:49:54 CEST.
Flavor | Version | Tinstall | Tcheck | Ttotal | Status | Flags |
---|---|---|---|---|---|---|
r-devel-linux-x86_64-debian-clang | 0.1.4 | 166.11 | 346.56 | 512.67 | OK | |
r-devel-linux-x86_64-debian-gcc | 0.1.4 | 144.85 | 248.63 | 393.48 | OK | |
r-devel-linux-x86_64-fedora-clang | 0.1.4 | 440.00 | 378.74 | 818.74 | OK | |
r-devel-linux-x86_64-fedora-gcc | 0.1.4 | 426.00 | 452.92 | 878.92 | OK | |
r-devel-windows-x86_64 | 0.1.4 | 183.00 | 364.00 | 547.00 | OK | |
r-patched-linux-x86_64 | 0.1.4 | 192.68 | 348.76 | 541.44 | OK | |
r-release-linux-x86_64 | 0.1.4 | 180.23 | 346.39 | 526.62 | OK | |
r-release-macos-arm64 | 0.1.4 | 79.00 | 122.00 | 201.00 | OK | |
r-release-macos-x86_64 | 0.1.4 | 117.00 | 258.00 | 375.00 | OK | |
r-release-windows-x86_64 | 0.1.4 | 185.00 | 364.00 | 549.00 | OK | |
r-oldrel-macos-arm64 | 0.1.4 | 36.00 | 74.00 | 110.00 | NOTE | |
r-oldrel-macos-x86_64 | 0.1.4 | 58.00 | 139.00 | 197.00 | NOTE | |
r-oldrel-windows-x86_64 | 0.1.4 | 209.00 | 484.00 | 693.00 | NOTE |
Version: 0.1.4
Check: installed package size
Result: NOTE
installed size is 48.2Mb
sub-directories of 1Mb or more:
doc 1.1Mb
libs 46.0Mb
Flavors: r-oldrel-macos-arm64, r-oldrel-macos-x86_64
Version: 0.1.4
Check: for GNU extensions in Makefiles
Result: NOTE
GNU make is a SystemRequirements.
Flavors: r-oldrel-macos-arm64, r-oldrel-macos-x86_64, r-oldrel-windows-x86_64
These binaries (installable software) and packages are in development.
They may not be fully stable and should be used with caution. We make no claims about them.