CRAN Package Check Results for Package onewaytests

Last updated on 2025-05-01 17:56:10 CEST.

Flavor Version Tinstall Tcheck Ttotal Status Flags
r-devel-linux-x86_64-debian-clang 3.0 8.73 65.98 74.71 NOTE
r-devel-linux-x86_64-debian-gcc 3.0 5.19 47.07 52.26 NOTE
r-devel-linux-x86_64-fedora-clang 3.0 125.23 OK
r-devel-linux-x86_64-fedora-gcc 3.0 113.12 OK
r-devel-windows-x86_64 3.0 10.00 84.00 94.00 OK
r-patched-linux-x86_64 3.0 8.43 62.73 71.16 OK
r-release-linux-x86_64 OK
r-release-macos-arm64 3.0 33.00 OK
r-release-macos-x86_64 3.0 56.00 OK
r-release-windows-x86_64 3.0 11.00 84.00 95.00 OK
r-oldrel-macos-arm64 3.0 32.00 OK
r-oldrel-macos-x86_64 3.0 45.00 OK
r-oldrel-windows-x86_64 3.0 12.00 99.00 111.00 OK

Check Details

Version: 3.0
Check: CRAN incoming feasibility
Result: NOTE Maintainer: ‘Osman Dag <osman.dag@outlook.com>’ No Authors@R field in DESCRIPTION. Please add one, modifying Authors@R: c(person(given = "Osman", family = "Dag", role = c("aut", "cre"), email = "osman.dag@outlook.com"), person(given = "Merve", family = "Kasikci", role = "aut"), person(given = "Anil", family = "Dolgun", role = "aut"), person(given = c("N.", "Meric"), family = "Konar", role = "aut"), person(given = "Sam", family = "Weerahandi", role = "aut"), person(given = "Malwane", family = "Ananda", role = "aut"), person(given = c("H.", "Erkin"), family = "Sulekli", role = "aut")) as necessary. Flavors: r-devel-linux-x86_64-debian-clang, r-devel-linux-x86_64-debian-gcc

Version: 3.0
Check: examples
Result: NOTE Examples with CPU (user + system) or elapsed time > 5s user system elapsed gplot 6.723 0.264 8.643 Flavor: r-devel-linux-x86_64-debian-clang

Version: 3.0
Check: examples
Result: NA user system elapsed gplot 4.765 0.082 6.058 OK Flavor: r-devel-linux-x86_64-debian-gcc

These binaries (installable software) and packages are in development.
They may not be fully stable and should be used with caution. We make no claims about them.