CRAN Package Check Results for Package onlinePCA

Last updated on 2025-07-22 19:51:55 CEST.

Flavor Version Tinstall Tcheck Ttotal Status Flags
r-devel-linux-x86_64-debian-clang 1.3.2 36.70 62.00 98.70 NOTE
r-devel-linux-x86_64-debian-gcc 1.3.2 25.53 45.52 71.05 NOTE
r-devel-linux-x86_64-fedora-clang 1.3.2 156.83 OK
r-devel-linux-x86_64-fedora-gcc 1.3.2 150.95 OK
r-devel-windows-x86_64 1.3.2 42.00 90.00 132.00 OK
r-patched-linux-x86_64 1.3.2 35.04 58.30 93.34 OK
r-release-linux-x86_64 1.3.2 35.88 58.84 94.72 OK
r-release-macos-arm64 1.3.2 48.00 OK
r-release-macos-x86_64 1.3.2 75.00 OK
r-release-windows-x86_64 1.3.2 42.00 96.00 138.00 OK
r-oldrel-macos-arm64 1.3.2 42.00 OK
r-oldrel-macos-x86_64 1.3.2 58.00 OK
r-oldrel-windows-x86_64 1.3.2 50.00 112.00 162.00 OK

Check Details

Version: 1.3.2
Check: CRAN incoming feasibility
Result: NOTE Maintainer: ‘David Degras <ddegrasv@gmail.com>’ No Authors@R field in DESCRIPTION. Please add one, modifying Authors@R: c(person(given = "David", family = "Degras", role = c("aut", "cre"), email = "ddegrasv@gmail.com"), person(given = "Herve", family = "Cardot", role = "ctb")) as necessary. Flavors: r-devel-linux-x86_64-debian-clang, r-devel-linux-x86_64-debian-gcc

These binaries (installable software) and packages are in development.
They may not be fully stable and should be used with caution. We make no claims about them.