Last updated on 2025-05-02 04:49:42 CEST.
Flavor | Version | Tinstall | Tcheck | Ttotal | Status | Flags |
---|---|---|---|---|---|---|
r-devel-linux-x86_64-debian-clang | 1.3.2 | 36.23 | 61.15 | 97.38 | NOTE | |
r-devel-linux-x86_64-debian-gcc | 1.3.2 | 24.57 | 46.17 | 70.74 | NOTE | |
r-devel-linux-x86_64-fedora-clang | 1.3.2 | 171.04 | OK | |||
r-devel-linux-x86_64-fedora-gcc | 1.3.2 | 157.39 | OK | |||
r-devel-windows-x86_64 | 1.3.2 | 43.00 | 108.00 | 151.00 | OK | |
r-patched-linux-x86_64 | 1.3.2 | 36.24 | 59.25 | 95.49 | OK | |
r-release-linux-x86_64 | OK | |||||
r-release-macos-arm64 | 1.3.2 | 48.00 | OK | |||
r-release-macos-x86_64 | 1.3.2 | 75.00 | OK | |||
r-release-windows-x86_64 | 1.3.2 | 44.00 | 99.00 | 143.00 | OK | |
r-oldrel-macos-arm64 | 1.3.2 | 42.00 | OK | |||
r-oldrel-macos-x86_64 | 1.3.2 | 58.00 | OK | |||
r-oldrel-windows-x86_64 | 1.3.2 | 48.00 | 116.00 | 164.00 | OK |
Version: 1.3.2
Check: CRAN incoming feasibility
Result: NOTE
Maintainer: ‘David Degras <ddegrasv@gmail.com>’
No Authors@R field in DESCRIPTION.
Please add one, modifying
Authors@R: c(person(given = "David",
family = "Degras",
role = c("aut", "cre"),
email = "ddegrasv@gmail.com"),
person(given = "Herve",
family = "Cardot",
role = "ctb"))
as necessary.
Flavors: r-devel-linux-x86_64-debian-clang, r-devel-linux-x86_64-debian-gcc
These binaries (installable software) and packages are in development.
They may not be fully stable and should be used with caution. We make no claims about them.