CRAN Package Check Results for Package onlineforecast

Last updated on 2025-07-03 07:50:43 CEST.

Flavor Version Tinstall Tcheck Ttotal Status Flags
r-devel-linux-x86_64-debian-clang 1.0.2 32.87 371.10 403.97 OK
r-devel-linux-x86_64-debian-gcc 1.0.2 23.52 229.61 253.13 OK
r-devel-linux-x86_64-fedora-clang 1.0.2 690.42 OK
r-devel-linux-x86_64-fedora-gcc 1.0.2 624.37 OK
r-devel-windows-x86_64 1.0.2 38.00 347.00 385.00 OK
r-patched-linux-x86_64 1.0.2 32.98 355.01 387.99 OK
r-release-linux-x86_64 1.0.2 32.39 352.88 385.27 OK
r-release-macos-arm64 1.0.2 154.00 OK
r-release-macos-x86_64 1.0.2 301.00 OK
r-release-windows-x86_64 1.0.2 40.00 351.00 391.00 OK
r-oldrel-macos-arm64 1.0.2 133.00 NOTE
r-oldrel-macos-x86_64 1.0.2 203.00 NOTE
r-oldrel-windows-x86_64 1.0.2 47.00 452.00 499.00 OK

Check Details

Version: 1.0.2
Check: installed package size
Result: NOTE installed size is 5.6Mb sub-directories of 1Mb or more: doc 3.2Mb libs 1.6Mb Flavors: r-oldrel-macos-arm64, r-oldrel-macos-x86_64

These binaries (installable software) and packages are in development.
They may not be fully stable and should be used with caution. We make no claims about them.