Last updated on 2025-02-16 08:50:56 CET.
Flavor | Version | Tinstall | Tcheck | Ttotal | Status | Flags |
---|---|---|---|---|---|---|
r-devel-linux-x86_64-debian-clang | 1.0.2 | 30.78 | 367.10 | 397.88 | OK | |
r-devel-linux-x86_64-debian-gcc | 1.0.2 | 22.32 | 223.56 | 245.88 | OK | |
r-devel-linux-x86_64-fedora-clang | 1.0.2 | 710.13 | OK | |||
r-devel-linux-x86_64-fedora-gcc | 1.0.2 | 675.77 | OK | |||
r-devel-macos-arm64 | 1.0.2 | 144.00 | OK | |||
r-devel-macos-x86_64 | 1.0.2 | 291.00 | OK | |||
r-devel-windows-x86_64 | 1.0.2 | 36.00 | 375.00 | 411.00 | OK | |
r-patched-linux-x86_64 | 1.0.2 | 30.20 | 345.40 | 375.60 | OK | |
r-release-linux-x86_64 | 1.0.2 | 32.30 | 348.39 | 380.69 | OK | |
r-release-macos-arm64 | 1.0.2 | 133.00 | NOTE | |||
r-release-macos-x86_64 | 1.0.2 | 203.00 | NOTE | |||
r-release-windows-x86_64 | 1.0.2 | 37.00 | 348.00 | 385.00 | OK | |
r-oldrel-macos-arm64 | 1.0.2 | 157.00 | NOTE | |||
r-oldrel-macos-x86_64 | 1.0.2 | 418.00 | NOTE | |||
r-oldrel-windows-x86_64 | 1.0.2 | 46.00 | 440.00 | 486.00 | OK |
Version: 1.0.2
Check: installed package size
Result: NOTE
installed size is 5.6Mb
sub-directories of 1Mb or more:
doc 3.2Mb
libs 1.6Mb
Flavors: r-release-macos-arm64, r-release-macos-x86_64, r-oldrel-macos-arm64, r-oldrel-macos-x86_64
These binaries (installable software) and packages are in development.
They may not be fully stable and should be used with caution. We make no claims about them.