CRAN Package Check Results for Package onlineforecast

Last updated on 2025-05-01 08:52:40 CEST.

Flavor Version Tinstall Tcheck Ttotal Status Flags
r-devel-linux-x86_64-debian-clang 1.0.2 31.87 368.90 400.77 NOTE
r-devel-linux-x86_64-debian-gcc 1.0.2 22.86 223.54 246.40 OK
r-devel-linux-x86_64-fedora-clang 1.0.2 688.83 OK
r-devel-linux-x86_64-fedora-gcc 1.0.2 665.08 OK
r-devel-windows-x86_64 1.0.2 39.00 356.00 395.00 OK
r-patched-linux-x86_64 1.0.2 34.59 351.34 385.93 OK
r-release-linux-x86_64 OK
r-release-macos-arm64 1.0.2 154.00 OK
r-release-macos-x86_64 1.0.2 301.00 OK
r-release-windows-x86_64 1.0.2 41.00 385.00 426.00 OK
r-oldrel-macos-arm64 1.0.2 133.00 NOTE
r-oldrel-macos-x86_64 1.0.2 203.00 NOTE
r-oldrel-windows-x86_64 1.0.2 44.00 460.00 504.00 OK

Check Details

Version: 1.0.2
Check: examples
Result: NOTE Examples with CPU (user + system) or elapsed time > 5s user system elapsed lm_optim 3.978 0.161 5.923 Flavor: r-devel-linux-x86_64-debian-clang

Version: 1.0.2
Check: installed package size
Result: NOTE installed size is 5.6Mb sub-directories of 1Mb or more: doc 3.2Mb libs 1.6Mb Flavors: r-oldrel-macos-arm64, r-oldrel-macos-x86_64

These binaries (installable software) and packages are in development.
They may not be fully stable and should be used with caution. We make no claims about them.