CRAN Package Check Results for Package onls

Last updated on 2025-07-01 11:49:25 CEST.

Flavor Version Tinstall Tcheck Ttotal Status Flags
r-devel-linux-x86_64-debian-clang 0.1-2 2.79 37.05 39.84 NOTE
r-devel-linux-x86_64-debian-gcc 0.1-2 1.86 27.79 29.65 NOTE
r-devel-linux-x86_64-fedora-clang 0.1-2 66.09 OK
r-devel-linux-x86_64-fedora-gcc 0.1-2 115.38 OK
r-devel-windows-x86_64 0.1-2 3.00 103.00 106.00 NOTE
r-patched-linux-x86_64 NOTE
r-release-linux-x86_64 0.1-2 2.60 62.14 64.74 NOTE
r-release-macos-arm64 0.1-2 25.00 OK
r-release-macos-x86_64 0.1-2 59.00 OK
r-release-windows-x86_64 0.1-2 4.00 99.00 103.00 NOTE
r-oldrel-macos-arm64 0.1-2 26.00 OK
r-oldrel-macos-x86_64 0.1-2 41.00 OK
r-oldrel-windows-x86_64 0.1-2 3.00 115.00 118.00 OK

Check Details

Version: 0.1-2
Check: Rd cross-references
Result: NOTE Found the following Rd file(s) with Rd \link{} targets missing package anchors: onls.Rd: nls.lm.control, nls.lm Please provide package anchors for all Rd \link{} targets not in the package itself and the base packages. Flavors: r-devel-linux-x86_64-debian-clang, r-devel-linux-x86_64-debian-gcc, r-devel-windows-x86_64, r-patched-linux-x86_64, r-release-linux-x86_64, r-release-windows-x86_64

These binaries (installable software) and packages are in development.
They may not be fully stable and should be used with caution. We make no claims about them.