Last updated on 2025-05-21 23:48:50 CEST.
Flavor | Version | Tinstall | Tcheck | Ttotal | Status | Flags |
---|---|---|---|---|---|---|
r-devel-linux-x86_64-debian-clang | 0.7.4 | 10.59 | 72.88 | 83.47 | NOTE | |
r-devel-linux-x86_64-debian-gcc | 0.7.4 | 6.94 | 53.09 | 60.03 | NOTE | |
r-devel-linux-x86_64-fedora-clang | 0.7.4 | 126.14 | NOTE | |||
r-devel-linux-x86_64-fedora-gcc | 0.7.4 | 132.29 | NOTE | |||
r-devel-windows-x86_64 | 0.7.4 | 13.00 | 93.00 | 106.00 | NOTE | |
r-patched-linux-x86_64 | 0.7.4 | 10.41 | 66.04 | 76.45 | NOTE | |
r-release-linux-x86_64 | 0.7.4 | 10.21 | 65.69 | 75.90 | NOTE | |
r-release-macos-arm64 | 0.7.4 | 54.00 | NOTE | |||
r-release-macos-x86_64 | 0.7.4 | 82.00 | NOTE | |||
r-release-windows-x86_64 | 0.7.4 | 11.00 | 96.00 | 107.00 | NOTE | |
r-oldrel-macos-arm64 | 0.7.4 | 55.00 | OK | |||
r-oldrel-macos-x86_64 | 0.7.4 | 115.00 | OK | |||
r-oldrel-windows-x86_64 | 0.7.4 | 16.00 | 100.00 | 116.00 | OK |
Version: 0.7.4
Check: DESCRIPTION meta-information
Result: NOTE
Missing dependency on R >= 4.1.0 because package code uses the pipe
|> or function shorthand \(...) syntax added in R 4.1.0.
File(s) using such syntax:
‘1onto.R’ ‘edit_matches.R’
Flavors: r-devel-linux-x86_64-debian-clang, r-devel-linux-x86_64-debian-gcc, r-devel-linux-x86_64-fedora-clang, r-devel-linux-x86_64-fedora-gcc, r-devel-windows-x86_64, r-patched-linux-x86_64, r-release-linux-x86_64, r-release-macos-arm64, r-release-macos-x86_64, r-release-windows-x86_64
These binaries (installable software) and packages are in development.
They may not be fully stable and should be used with caution. We make no claims about them.