CRAN Package Check Results for Package ontologyPlot

Last updated on 2025-10-23 23:49:38 CEST.

Flavor Version Tinstall Tcheck Ttotal Status Flags
r-devel-linux-x86_64-debian-clang 1.7 4.73 59.29 64.02 NOTE
r-devel-linux-x86_64-debian-gcc 1.7 3.52 45.52 49.04 NOTE
r-devel-linux-x86_64-fedora-clang 1.7 13.00 84.75 97.75 OK
r-devel-linux-x86_64-fedora-gcc 1.7 107.00 OK
r-devel-windows-x86_64 1.7 6.00 80.00 86.00 OK
r-patched-linux-x86_64 1.7 4.48 57.86 62.34 OK
r-release-linux-x86_64 1.7 4.55 57.53 62.08 OK
r-release-macos-arm64 1.7 2.00 38.00 40.00 OK
r-release-macos-x86_64 1.7 4.00 65.00 69.00 OK
r-release-windows-x86_64 1.7 7.00 84.00 91.00 OK
r-oldrel-macos-arm64 1.7 2.00 35.00 37.00 OK
r-oldrel-macos-x86_64 1.7 3.00 52.00 55.00 OK
r-oldrel-windows-x86_64 1.7 8.00 93.00 101.00 OK

Check Details

Version: 1.7
Check: CRAN incoming feasibility
Result: NOTE Maintainer: ‘Daniel Greene <dg333@cam.ac.uk>’ No Authors@R field in DESCRIPTION. Please add one, modifying Authors@R: person(given = "Daniel", family = "Greene", role = c("aut", "cre"), email = "dg333@cam.ac.uk") as necessary. Flavors: r-devel-linux-x86_64-debian-clang, r-devel-linux-x86_64-debian-gcc

These binaries (installable software) and packages are in development.
They may not be fully stable and should be used with caution. We make no claims about them.