Last updated on 2025-05-02 11:49:54 CEST.
Flavor | Version | Tinstall | Tcheck | Ttotal | Status | Flags |
---|---|---|---|---|---|---|
r-devel-linux-x86_64-debian-clang | 1.7 | 3.60 | 57.61 | 61.21 | NOTE | |
r-devel-linux-x86_64-debian-gcc | 1.7 | 3.39 | 44.58 | 47.97 | NOTE | |
r-devel-linux-x86_64-fedora-clang | 1.7 | 100.01 | OK | |||
r-devel-linux-x86_64-fedora-gcc | 1.7 | 107.60 | OK | |||
r-devel-windows-x86_64 | 1.7 | 5.00 | 92.00 | 97.00 | OK | |
r-patched-linux-x86_64 | 1.7 | 4.81 | 55.40 | 60.21 | OK | |
r-release-linux-x86_64 | OK | |||||
r-release-macos-arm64 | 1.7 | 40.00 | OK | |||
r-release-macos-x86_64 | 1.7 | 69.00 | OK | |||
r-release-windows-x86_64 | 1.7 | 5.00 | 92.00 | 97.00 | OK | |
r-oldrel-macos-arm64 | 1.7 | 37.00 | OK | |||
r-oldrel-macos-x86_64 | 1.7 | 55.00 | OK | |||
r-oldrel-windows-x86_64 | 1.7 | 6.00 | 87.00 | 93.00 | OK |
Version: 1.7
Check: CRAN incoming feasibility
Result: NOTE
Maintainer: ‘Daniel Greene <dg333@cam.ac.uk>’
No Authors@R field in DESCRIPTION.
Please add one, modifying
Authors@R: person(given = "Daniel",
family = "Greene",
role = c("aut", "cre"),
email = "dg333@cam.ac.uk")
as necessary.
Flavors: r-devel-linux-x86_64-debian-clang, r-devel-linux-x86_64-debian-gcc
These binaries (installable software) and packages are in development.
They may not be fully stable and should be used with caution. We make no claims about them.