Last updated on 2025-11-14 09:50:10 CET.
| Flavor | Version | Tinstall | Tcheck | Ttotal | Status | Flags |
|---|---|---|---|---|---|---|
| r-devel-linux-x86_64-debian-clang | 1.0.11 | 6.76 | 602.20 | 608.96 | NOTE | |
| r-devel-linux-x86_64-debian-gcc | 1.0.11 | 5.21 | 439.22 | 444.43 | NOTE | |
| r-devel-linux-x86_64-fedora-clang | 1.0.11 | 14.00 | 936.45 | 950.45 | OK | |
| r-devel-linux-x86_64-fedora-gcc | 1.0.11 | 15.00 | 975.05 | 990.05 | OK | |
| r-devel-windows-x86_64 | 1.0.11 | 9.00 | 401.00 | 410.00 | OK | |
| r-patched-linux-x86_64 | 1.0.11 | 7.40 | 607.44 | 614.84 | OK | |
| r-release-linux-x86_64 | 1.0.11 | 7.23 | 615.59 | 622.82 | OK | |
| r-release-macos-arm64 | 1.0.11 | 4.00 | 216.00 | 220.00 | OK | |
| r-release-macos-x86_64 | 1.0.11 | 6.00 | 411.00 | 417.00 | OK | |
| r-release-windows-x86_64 | 1.0.11 | 8.00 | 397.00 | 405.00 | OK | |
| r-oldrel-macos-arm64 | 1.0.11 | 3.00 | 192.00 | 195.00 | OK | |
| r-oldrel-macos-x86_64 | 1.0.11 | 5.00 | 285.00 | 290.00 | OK | |
| r-oldrel-windows-x86_64 | 1.0.11 | 11.00 | 529.00 | 540.00 | OK |
Version: 1.0.11
Check: CRAN incoming feasibility
Result: NOTE
Maintainer: ‘Stijn Hawinkel <stijn.hawinkel@psb.ugent.be>’
The BugReports field in DESCRIPTION has
https://github.com/sthawinke/oosse
which should likely be
https://github.com/sthawinke/oosse/issues
instead.
Flavors: r-devel-linux-x86_64-debian-clang, r-devel-linux-x86_64-debian-gcc
These binaries (installable software) and packages are in development.
They may not be fully stable and should be used with caution. We make no claims about them.