Last updated on 2025-11-13 15:51:19 CET.
| Flavor | Version | Tinstall | Tcheck | Ttotal | Status | Flags |
|---|---|---|---|---|---|---|
| r-devel-linux-x86_64-debian-clang | 0.9.1 | 1.83 | 32.93 | 34.76 | NOTE | |
| r-devel-linux-x86_64-debian-gcc | 0.9.1 | 1.37 | 26.04 | 27.41 | NOTE | |
| r-devel-linux-x86_64-fedora-clang | 0.9.1 | 56.78 | OK | |||
| r-devel-linux-x86_64-fedora-gcc | 0.9.1 | 65.49 | OK | |||
| r-devel-windows-x86_64 | 0.9.1 | 2.00 | 49.00 | 51.00 | OK | |
| r-patched-linux-x86_64 | 0.9.1 | 1.76 | 29.60 | 31.36 | OK | |
| r-release-linux-x86_64 | 0.9.1 | 1.69 | 29.95 | 31.64 | OK | |
| r-release-macos-arm64 | 0.9.1 | 1.00 | 23.00 | 24.00 | OK | |
| r-release-macos-x86_64 | 0.9.1 | 1.00 | 50.00 | 51.00 | OK | |
| r-release-windows-x86_64 | 0.9.1 | 2.00 | 50.00 | 52.00 | OK | |
| r-oldrel-macos-arm64 | 0.9.1 | 1.00 | 22.00 | 23.00 | OK | |
| r-oldrel-macos-x86_64 | 0.9.1 | 2.00 | 33.00 | 35.00 | OK | |
| r-oldrel-windows-x86_64 | 0.9.1 | 3.00 | 63.00 | 66.00 | OK |
Version: 0.9.1
Check: CRAN incoming feasibility
Result: NOTE
Maintainer: ‘Philipp Külpmann <philipp@kuelpmann.org>’
Package CITATION file contains call(s) to old-style citEntry(). Please
use bibentry() instead.
Flavors: r-devel-linux-x86_64-debian-clang, r-devel-linux-x86_64-debian-gcc
These binaries (installable software) and packages are in development.
They may not be fully stable and should be used with caution. We make no claims about them.