Last updated on 2025-02-16 08:50:56 CET.
Flavor | Version | Tinstall | Tcheck | Ttotal | Status | Flags |
---|---|---|---|---|---|---|
r-devel-linux-x86_64-debian-clang | 0.4 | 16.84 | 121.25 | 138.09 | OK | |
r-devel-linux-x86_64-debian-gcc | 0.4 | 11.49 | 86.20 | 97.69 | OK | |
r-devel-linux-x86_64-fedora-clang | 0.4 | 220.07 | OK | |||
r-devel-linux-x86_64-fedora-gcc | 0.4 | 199.74 | OK | |||
r-devel-macos-arm64 | 0.4 | 5.00 | ERROR | |||
r-devel-macos-x86_64 | 0.4 | 8.00 | ERROR | |||
r-devel-windows-x86_64 | 0.4 | 17.00 | 117.00 | 134.00 | OK | |
r-patched-linux-x86_64 | 0.4 | 16.04 | 111.60 | 127.64 | OK | |
r-release-linux-x86_64 | 0.4 | 15.20 | 111.66 | 126.86 | OK | |
r-release-macos-arm64 | 0.4 | 9.00 | ERROR | |||
r-release-macos-x86_64 | 0.4 | 11.00 | ERROR | |||
r-release-windows-x86_64 | 0.4 | 16.00 | 119.00 | 135.00 | OK | |
r-oldrel-macos-arm64 | 0.4 | 9.00 | ERROR | |||
r-oldrel-macos-x86_64 | 0.4 | 13.00 | ERROR | |||
r-oldrel-windows-x86_64 | 0.4 | 22.00 | 141.00 | 163.00 | OK |
Version: 0.4
Check: package dependencies
Result: ERROR
Package required but not available: ‘mixAK’
See section ‘The DESCRIPTION file’ in the ‘Writing R Extensions’
manual.
Flavors: r-devel-macos-arm64, r-devel-macos-x86_64, r-release-macos-arm64, r-release-macos-x86_64, r-oldrel-macos-arm64, r-oldrel-macos-x86_64
These binaries (installable software) and packages are in development.
They may not be fully stable and should be used with caution. We make no claims about them.