CRAN Package Check Results for Package opGMMassessment

Last updated on 2025-05-28 21:50:15 CEST.

Flavor Version Tinstall Tcheck Ttotal Status Flags
r-devel-linux-x86_64-debian-clang 0.4 16.98 127.31 144.29 NOTE
r-devel-linux-x86_64-debian-gcc 0.4 14.03 91.65 105.68 NOTE
r-devel-linux-x86_64-fedora-clang 0.4 225.02 OK
r-devel-linux-x86_64-fedora-gcc 0.4 210.29 OK
r-devel-windows-x86_64 0.4 18.00 125.00 143.00 OK
r-patched-linux-x86_64 0.4 16.29 121.04 137.33 OK
r-release-linux-x86_64 0.4 16.95 118.76 135.71 OK
r-release-macos-arm64 0.4 4.00 ERROR
r-release-macos-x86_64 0.4 6.00 ERROR
r-release-windows-x86_64 0.4 18.00 124.00 142.00 OK
r-oldrel-macos-arm64 0.4 10.00 ERROR
r-oldrel-macos-x86_64 0.4 11.00 ERROR
r-oldrel-windows-x86_64 0.4 23.00 156.00 179.00 OK

Check Details

Version: 0.4
Check: CRAN incoming feasibility
Result: NOTE Maintainer: ‘Jorn Lotsch <j.lotsch@em.uni-frankfurt.de>’ No Authors@R field in DESCRIPTION. Please add one, modifying Authors@R: c(person(given = "Jorn", family = "Lotsch", role = c("aut", "cre"), email = "j.lotsch@em.uni-frankfurt.de", comment = c(ORCID = "0000-0002-5818-6958")), person(given = "Sebastian", family = "Malkusch", role = "aut", comment = c(ORCID = "0000-0001-6766-140X")), person(given = "Martin", family = "Maechler", role = "ctb"), person(given = "Peter", family = "Rousseeuw", role = "ctb"), person(given = "Anja", family = "Struyf", role = "ctb"), person(given = "Mia", family = "Hubert", role = "ctb"), person(given = "Kurt", family = "Hornik", role = "ctb")) as necessary. Flavors: r-devel-linux-x86_64-debian-clang, r-devel-linux-x86_64-debian-gcc

Version: 0.4
Check: package dependencies
Result: ERROR Package required but not available: ‘mixAK’ See section ‘The DESCRIPTION file’ in the ‘Writing R Extensions’ manual. Flavors: r-release-macos-arm64, r-release-macos-x86_64, r-oldrel-macos-arm64, r-oldrel-macos-x86_64

These binaries (installable software) and packages are in development.
They may not be fully stable and should be used with caution. We make no claims about them.