Last updated on 2025-02-16 08:50:56 CET.
Flavor | Version | Tinstall | Tcheck | Ttotal | Status | Flags |
---|---|---|---|---|---|---|
r-devel-linux-x86_64-debian-clang | 2.2.7 | 134.24 | 434.52 | 568.76 | OK | |
r-devel-linux-x86_64-debian-gcc | 2.2.7 | 119.03 | 328.34 | 447.37 | OK | |
r-devel-linux-x86_64-fedora-clang | 2.2.7 | 967.05 | OK | |||
r-devel-linux-x86_64-fedora-gcc | 2.2.7 | 1092.89 | OK | |||
r-devel-macos-arm64 | 2.2.7 | 197.00 | OK | |||
r-devel-macos-x86_64 | 2.2.7 | 391.00 | OK | |||
r-devel-windows-x86_64 | 2.2.7 | 201.00 | 445.00 | 646.00 | OK | |
r-patched-linux-x86_64 | 2.2.7 | 170.82 | 462.17 | 632.99 | NOTE | |
r-release-linux-x86_64 | 2.2.7 | 175.35 | 462.19 | 637.54 | NOTE | |
r-release-macos-arm64 | 2.2.7 | 118.00 | NOTE | |||
r-release-macos-x86_64 | 2.2.7 | 213.00 | NOTE | |||
r-release-windows-x86_64 | 2.2.7 | 200.00 | 441.00 | 641.00 | NOTE | |
r-oldrel-macos-arm64 | 2.2.7 | 200.00 | NOTE | |||
r-oldrel-macos-x86_64 | 2.2.7 | 322.00 | NOTE | |||
r-oldrel-windows-x86_64 | 2.2.7 | 237.00 | 591.00 | 828.00 | NOTE |
Version: 2.2.7
Check: for GNU extensions in Makefiles
Result: NOTE
GNU make is a SystemRequirements.
Flavors: r-patched-linux-x86_64, r-release-linux-x86_64, r-release-macos-arm64, r-release-macos-x86_64, r-release-windows-x86_64, r-oldrel-macos-arm64, r-oldrel-macos-x86_64, r-oldrel-windows-x86_64
Version: 2.2.7
Check: installed package size
Result: NOTE
installed size is 6.3Mb
sub-directories of 1Mb or more:
exampledata 1.5Mb
libs 3.4Mb
Flavors: r-release-macos-arm64, r-release-macos-x86_64, r-oldrel-macos-arm64, r-oldrel-macos-x86_64
These binaries (installable software) and packages are in development.
They may not be fully stable and should be used with caution. We make no claims about them.