CRAN Package Check Results for Package openCR

Last updated on 2025-05-08 04:52:13 CEST.

Flavor Version Tinstall Tcheck Ttotal Status Flags
r-devel-linux-x86_64-debian-clang 2.2.7 131.03 435.66 566.69 OK
r-devel-linux-x86_64-debian-gcc 2.2.7 117.63 328.19 445.82 OK
r-devel-linux-x86_64-fedora-clang 2.2.7 971.41 OK
r-devel-linux-x86_64-fedora-gcc 2.2.7 1029.20 OK
r-devel-windows-x86_64 2.2.7 218.00 454.00 672.00 OK
r-patched-linux-x86_64 2.2.7 174.16 472.59 646.75 OK
r-release-linux-x86_64 2.2.7 173.96 471.62 645.58 OK
r-release-macos-arm64 2.2.7 225.00 OK
r-release-macos-x86_64 2.2.7 411.00 OK
r-release-windows-x86_64 2.2.7 225.00 469.00 694.00 OK
r-oldrel-macos-arm64 2.2.7 118.00 NOTE
r-oldrel-macos-x86_64 2.2.7 213.00 NOTE
r-oldrel-windows-x86_64 2.2.7 258.00 608.00 866.00 NOTE

Check Details

Version: 2.2.7
Check: installed package size
Result: NOTE installed size is 6.3Mb sub-directories of 1Mb or more: exampledata 1.5Mb libs 3.4Mb Flavors: r-oldrel-macos-arm64, r-oldrel-macos-x86_64

Version: 2.2.7
Check: for GNU extensions in Makefiles
Result: NOTE GNU make is a SystemRequirements. Flavors: r-oldrel-macos-arm64, r-oldrel-macos-x86_64, r-oldrel-windows-x86_64

These binaries (installable software) and packages are in development.
They may not be fully stable and should be used with caution. We make no claims about them.