Last updated on 2025-07-26 00:49:11 CEST.
Flavor | Version | Tinstall | Tcheck | Ttotal | Status | Flags |
---|---|---|---|---|---|---|
r-devel-linux-x86_64-debian-clang | 1.1.2 | 8.83 | 115.04 | 123.87 | NOTE | |
r-devel-linux-x86_64-debian-gcc | 1.1.2 | 5.91 | 78.35 | 84.26 | NOTE | |
r-devel-linux-x86_64-fedora-clang | 1.1.2 | 201.79 | OK | |||
r-devel-linux-x86_64-fedora-gcc | 1.1.2 | 204.76 | OK | |||
r-devel-windows-x86_64 | 1.1.2 | 10.00 | 138.00 | 148.00 | OK | |
r-patched-linux-x86_64 | 1.1.2 | 7.94 | 106.51 | 114.45 | OK | |
r-release-linux-x86_64 | 1.1.2 | 8.27 | 108.94 | 117.21 | OK | |
r-release-macos-arm64 | 1.1.2 | 58.00 | OK | |||
r-release-macos-x86_64 | 1.1.2 | 103.00 | OK | |||
r-release-windows-x86_64 | 1.1.2 | 10.00 | 130.00 | 140.00 | OK | |
r-oldrel-macos-arm64 | 1.1.2 | 58.00 | OK | |||
r-oldrel-macos-x86_64 | 1.1.2 | 86.00 | OK | |||
r-oldrel-windows-x86_64 | 1.1.2 | 13.00 | 161.00 | 174.00 | OK |
Version: 1.1.2
Check: CRAN incoming feasibility
Result: NOTE
Maintainer: ‘Zehang Richard Li <lizehang@gmail.com>’
No Authors@R field in DESCRIPTION.
Please add one, modifying
Authors@R: c(person(given = c("Zehang", "Richard"),
family = "Li",
role = c("aut", "cre"),
email = "lizehang@gmail.com"),
person(given = "Jason",
family = "Thomas",
role = "aut"),
person(given = c("Tyler", "H."),
family = "McCormick",
role = "aut"),
person(given = c("Samuel", "J."),
family = "Clark",
role = "aut"))
as necessary.
Flavors: r-devel-linux-x86_64-debian-clang, r-devel-linux-x86_64-debian-gcc
These binaries (installable software) and packages are in development.
They may not be fully stable and should be used with caution. We make no claims about them.