Last updated on 2025-05-01 17:56:10 CEST.
Flavor | Version | Tinstall | Tcheck | Ttotal | Status | Flags |
---|---|---|---|---|---|---|
r-devel-linux-x86_64-debian-clang | 1.1.2 | 8.47 | 115.51 | 123.98 | NOTE | |
r-devel-linux-x86_64-debian-gcc | 1.1.2 | 5.43 | 76.48 | 81.91 | NOTE | |
r-devel-linux-x86_64-fedora-clang | 1.1.2 | 190.54 | OK | |||
r-devel-linux-x86_64-fedora-gcc | 1.1.2 | 192.57 | OK | |||
r-devel-windows-x86_64 | 1.1.2 | 9.00 | 133.00 | 142.00 | OK | |
r-patched-linux-x86_64 | 1.1.2 | 8.18 | 107.70 | 115.88 | OK | |
r-release-linux-x86_64 | OK | |||||
r-release-macos-arm64 | 1.1.2 | 58.00 | OK | |||
r-release-macos-x86_64 | 1.1.2 | 103.00 | OK | |||
r-release-windows-x86_64 | 1.1.2 | 10.00 | 140.00 | 150.00 | OK | |
r-oldrel-macos-arm64 | 1.1.2 | 58.00 | OK | |||
r-oldrel-macos-x86_64 | 1.1.2 | 86.00 | OK | |||
r-oldrel-windows-x86_64 | 1.1.2 | 13.00 | 163.00 | 176.00 | OK |
Version: 1.1.2
Check: CRAN incoming feasibility
Result: NOTE
Maintainer: ‘Zehang Richard Li <lizehang@gmail.com>’
No Authors@R field in DESCRIPTION.
Please add one, modifying
Authors@R: c(person(given = c("Zehang", "Richard"),
family = "Li",
role = c("aut", "cre"),
email = "lizehang@gmail.com"),
person(given = "Jason",
family = "Thomas",
role = "aut"),
person(given = c("Tyler", "H."),
family = "McCormick",
role = "aut"),
person(given = c("Samuel", "J."),
family = "Clark",
role = "aut"))
as necessary.
Flavors: r-devel-linux-x86_64-debian-clang, r-devel-linux-x86_64-debian-gcc
These binaries (installable software) and packages are in development.
They may not be fully stable and should be used with caution. We make no claims about them.