CRAN Package Check Results for Package openair

Last updated on 2025-05-21 21:49:25 CEST.

Flavor Version Tinstall Tcheck Ttotal Status Flags
r-devel-linux-x86_64-debian-clang 2.18-2 39.87 208.92 248.79 NOTE
r-devel-linux-x86_64-debian-gcc 2.18-2 26.85 140.87 167.72 NOTE
r-devel-linux-x86_64-fedora-clang 2.18-2 404.46 OK
r-devel-linux-x86_64-fedora-gcc 2.18-2 387.97 OK
r-devel-windows-x86_64 2.18-2 44.00 250.00 294.00 NOTE
r-patched-linux-x86_64 2.18-2 40.95 192.04 232.99 NOTE
r-release-linux-x86_64 2.18-2 37.27 189.47 226.74 NOTE
r-release-macos-arm64 2.18-2 94.00 OK
r-release-macos-x86_64 2.18-2 187.00 OK
r-release-windows-x86_64 2.18-2 46.00 232.00 278.00 NOTE
r-oldrel-macos-arm64 2.18-2 94.00 OK
r-oldrel-macos-x86_64 2.18-2 163.00 OK
r-oldrel-windows-x86_64 2.18-2 56.00 283.00 339.00 OK

Check Details

Version: 2.18-2
Check: Rd cross-references
Result: NOTE Found the following Rd file(s) with Rd \link{} targets missing package anchors: drawOpenKey.Rd: draw.colorkey smoothTrend.Rd: gam Please provide package anchors for all Rd \link{} targets not in the package itself and the base packages. Flavors: r-devel-linux-x86_64-debian-clang, r-devel-linux-x86_64-debian-gcc, r-devel-windows-x86_64, r-patched-linux-x86_64, r-release-linux-x86_64, r-release-windows-x86_64

These binaries (installable software) and packages are in development.
They may not be fully stable and should be used with caution. We make no claims about them.