CRAN Package Check Results for Package openappr

Last updated on 2025-10-24 11:50:53 CEST.

Flavor Version Tinstall Tcheck Ttotal Status Flags
r-devel-linux-x86_64-debian-clang 0.2.0 1.45 29.27 30.72 OK
r-devel-linux-x86_64-debian-gcc 0.2.0 1.39 24.46 25.85 OK
r-devel-linux-x86_64-fedora-clang 0.2.0 46.03 NOTE
r-devel-linux-x86_64-fedora-gcc 0.2.0 58.01 NOTE
r-devel-windows-x86_64 0.2.0 3.00 51.00 54.00 OK
r-patched-linux-x86_64 0.2.0 2.00 27.19 29.19 OK
r-release-linux-x86_64 0.2.0 1.67 26.68 28.35 OK
r-release-macos-arm64 0.2.0 1.00 71.00 72.00 OK
r-release-macos-x86_64 0.2.0 2.00 88.00 90.00 OK
r-release-windows-x86_64 0.2.0 4.00 55.00 59.00 OK
r-oldrel-macos-arm64 0.2.0 1.00 60.00 61.00 OK
r-oldrel-macos-x86_64 0.2.0 2.00 84.00 86.00 OK
r-oldrel-windows-x86_64 0.2.0 6.00 61.00 67.00 OK

Check Details

Version: 0.2.0
Check: dependencies in R code
Result: NOTE Namespaces in Imports field not imported from: ‘RSQLite’ ‘rlang’ ‘tidyr’ All declared Imports should be used. Flavors: r-devel-linux-x86_64-fedora-clang, r-devel-linux-x86_64-fedora-gcc

These binaries (installable software) and packages are in development.
They may not be fully stable and should be used with caution. We make no claims about them.