CRAN Package Check Results for Package openblender

Last updated on 2025-05-29 07:49:54 CEST.

Flavor Version Tinstall Tcheck Ttotal Status Flags
r-devel-linux-x86_64-debian-clang 0.5.81 1.80 21.19 22.99 OK
r-devel-linux-x86_64-debian-gcc 0.5.81 1.79 17.50 19.29 OK
r-devel-linux-x86_64-fedora-clang 0.5.81 35.17 OK
r-devel-linux-x86_64-fedora-gcc 0.5.81 34.95 OK
r-devel-windows-x86_64 0.5.81 4.00 44.00 48.00 OK
r-patched-linux-x86_64 0.5.81 2.03 20.35 22.38 OK
r-release-linux-x86_64 0.5.81 2.03 20.54 22.57 OK
r-release-macos-arm64 0.5.81 18.00 OK
r-release-macos-x86_64 0.5.81 30.00 OK
r-release-windows-x86_64 0.5.81 4.00 43.00 47.00 OK
r-oldrel-macos-arm64 0.5.81 16.00 NOTE
r-oldrel-macos-x86_64 0.5.81 27.00 NOTE
r-oldrel-windows-x86_64 0.5.81 4.00 48.00 52.00 NOTE

Check Details

Version: 0.5.81
Check: LazyData
Result: NOTE 'LazyData' is specified without a 'data' directory Flavors: r-oldrel-macos-arm64, r-oldrel-macos-x86_64, r-oldrel-windows-x86_64

These binaries (installable software) and packages are in development.
They may not be fully stable and should be used with caution. We make no claims about them.